000
CXUS56 KFGZ 250900
CF6SJN
PRELIMINARY LOCAL CLIMATOLOGICAL DATA (WS FORM: F-6)

                                          STATION:   SAINT JOHNS AZ AIRPORT
                                          MONTH:     APRIL
                                          YEAR:      2015
                                          LATITUDE:   34 31 N
                                          LONGITUDE: 109 23 W

  TEMPERATURE IN F:       :PCPN:    SNOW:  WIND      :SUNSHINE: SKY     :PK WND
================================================================================
1   2   3   4   5  6A  6B    7    8   9   10  11  12  13   14  15   16   17  18
                                     12Z  AVG MX 2MIN
DY MAX MIN AVG DEP HDD CDD  WTR  SNW DPTH SPD SPD DIR MIN PSBL S-S WX    SPD DR
================================================================================

 1  73  45  59  10   6   0 0.00    M    M 14.1 31 230   M    M   0        40 260
 2  70  40  55   6  10   0 0.00    M    M 17.0 36 260   M    M   0        46 270
 3  64  27  46  -3  19   0 0.00    M    M  5.5 16 290   M    M   0        21 310
 4  75  31  53   3  12   0 0.00    M    M  7.1 25 220   M    M   0        33 240
 5  73  37  55   5  10   0 0.00    M    M 11.4 28 230   M    M   1        38 240
 6  72  31  52   2  13   0 0.00    M    M 11.8 30 240   M    M   0        40 240
 7  72  29  51   0  14   0 0.00    M    M 11.3 32 240   M    M   0        46 210
 8  68  38  53   2  12   0 0.00    M    M 18.8 33 230   M    M   0        43 240
 9  67  26  47  -4  18   0 0.00    M    M  5.7 17 220   M    M   0        22 220
10  72  32  52   0  13   0 0.00    M    M  9.4 23 250   M    M   0        29 280
11  70  34  52   0  13   0 0.00    M    M  7.2 21 280   M    M   0        27 290
12  68  40  54   2  11   0 0.00    M    M  8.3 23 330   M    M   0        28 320
13  74  32  53   0  12   0 0.00    M    M  6.0 17  50   M    M   0        22  60
14  74  36  55   2  10   0 0.00    M    M 10.1 31 240   M    M   0        42 230
15  64  33  49  -4  16   0 0.00    M    M 11.9 24 290   M    M   0        30 290
16  52  25  39 -15  26   0 0.00    M    M  8.6 26 280   M    M   2        31 290
17  57  32  45  -9  20   0 0.00    M    M 10.3 26 290   M    M   4        35 290
18  68  41  55   1  10   0    T    M    M 13.2 28 280   M    M   4        34 280
19  71  32  52  -3  13   0 0.00    M    M  7.7 29 360   M    M   2        37  10
20  72  33  53  -2  12   0 0.00    M    M  8.1 26 250   M    M   2        32 240
21  72  37  55   0  10   0 0.00    M    M  5.6 22 280   M    M   3        28 190
22  74  39  57   2   8   0 0.00    M    M  7.4 25 220   M    M   0        34 250
23  71  34  53  -3  12   0    T    M    M  7.5 26 230   M    M   2        38 210
24  64  44  54  -2  11   0 0.00    M    M 16.0 30 230   M    M   3        40 220
================================================================================
SM 1657  828       311   0    T     M    240.0          M       23
================================================================================
AV 69.0 34.5                              10.0 FASTST   M    M   1    MAX(MPH)
                                 MISC ---->  # 36 260               # 46  270
================================================================================
NOTES:
# LAST OF SEVERAL OCCURRENCES

COLUMN 17 PEAK WIND IN M.P.H.

PRELIMINARY LOCAL CLIMATOLOGICAL DATA (WS FORM: F-6) , PAGE 2

                                          STATION:  SAINT JOHNS AZ AIRPORT
                                          MONTH:    APRIL
                                          YEAR:     2015
                                          LATITUDE:   34 31 N
                                          LONGITUDE: 109 23 W

[TEMPERATURE DATA]      [PRECIPITATION DATA]       SYMBOLS USED IN COLUMN 16

AVERAGE MONTHLY: 51.8   TOTAL FOR MONTH:      T    1 = FOG OR MIST
DPTR FM NORMAL:  -0.7   DPTR FM NORMAL:   -0.44    2 = FOG REDUCING VISIBILITY
HIGHEST:    75 ON  4    GRTST 24HR    T  ON 23-23      TO 1/4 MILE OR LESS
LOWEST:     25 ON 16                               3 = THUNDER
                        SNOW, ICE PELLETS, HAIL    4 = ICE PELLETS
                        TOTAL MONTH:    M          5 = HAIL
                        GRTST 24HR    M  ON   M    6 = FREEZING RAIN OR DRIZZLE
                        GRTST DEPTH:  M  ON   M    7 = DUSTSTORM OR SANDSTORM:
                                                       VSBY 1/2 MILE OR LESS
                                                   8 = SMOKE OR HAZE
[NO. OF DAYS WITH]      [WEATHER - DAYS WITH]      9 = BLOWING SNOW
                                                   X = TORNADO
MAX 32 OR BELOW:   0    0.01 INCH OR MORE:   0
MAX 90 OR ABOVE:   0    0.10 INCH OR MORE:   0
MIN 32 OR BELOW:  10    0.50 INCH OR MORE:   0
MIN  0 OR BELOW:   0    1.00 INCH OR MORE:   0

[HDD (BASE 65) ]
TOTAL THIS MO.   311    CLEAR  (SCALE 0-3)  22
DPTR FM NORMAL     8    PTCLDY (SCALE 4-7)   2
TOTAL FM JUL 1  3842    CLOUDY (SCALE 8-10)  0
DPTR FM NORMAL  -677

[CDD (BASE 65) ]
TOTAL THIS MO.     0
DPTR FM NORMAL     0    [PRESSURE DATA]
TOTAL FM JAN 1     0    HIGHEST SLP M ON M
DPTR FM NORMAL     0    LOWEST  SLP 29.71 ON  6

[REMARKS]
