000
CXUS54 KCRP 261300
CF6VCT
PRELIMINARY LOCAL CLIMATOLOGICAL DATA (WS FORM: F-6)

                                          STATION:   VICTORIA
                                          MONTH:     APRIL
                                          YEAR:      2015
                                          LATITUDE:   28 51 N
                                          LONGITUDE:  96 55 W

  TEMPERATURE IN F:       :PCPN:    SNOW:  WIND      :SUNSHINE: SKY     :PK WND
================================================================================
1   2   3   4   5  6A  6B    7    8   9   10  11  12  13   14  15   16   17  18
                                     12Z  AVG MX 2MIN
DY MAX MIN AVG DEP HDD CDD  WTR  SNW DPTH SPD SPD DIR MIN PSBL S-S WX    SPD DR
================================================================================

 1  79  67  73   6   0   8    T  0.0    0 12.6 29 160   M    M   7 1      34 160
 2  82  70  76   9   0  11 0.00  0.0    0 12.9 23 160   M    M   8 1      27 160
 3  80  69  75   8   0  10 0.00  0.0    0 10.4 18 180   M    M   7 1      22 170
 4  74  64  69   2   0   4 0.00  0.0    0 12.5 23  40   M    M  10        28  30
 5  80  62  71   3   0   6 0.12  0.0    0 11.5 21 150   M    M   7 1      27 170
 6  82  68  75   7   0  10 0.00  0.0    0 12.1 24 170   M    M   7 1      29 160
 7  84  70  77   9   0  12 0.00  0.0    0 13.2 21 170   M    M   7 1      28 180
 8  82  71  77   9   0  12 0.00  0.0    0 12.9 23 150   M    M   8 18     28 160
 9  85  71  78  10   0  13 0.00  0.0    0 12.7 25 160   M    M   7 18     30 180
10  73  61  67  -2   0   2 0.61  0.0    0  8.6 35 340   M    M   8 1      45 350
11  73  63  68  -1   0   3 0.03  0.0    0  7.7 14 120   M    M  10 12     16 120
12  83  69  76   7   0  11 0.02  0.0    0 10.0 21 170   M    M   9 1      23 170
13  86  66  76   7   0  11 0.80  0.0    0  8.4 32  30   M    M   4 18     39  20
14  75  67  71   1   0   6 0.26  0.0    0  6.7 24 290   M    M   7 13     29 290
15  76  61  69  -1   0   4 0.00  0.0    0  7.7 14 140   M    M   6        16 140
16  78  67  73   3   0   8 0.93  0.0    0  7.7 17 220   M    M   8 128    24 220
17  79  66  73   3   0   8 1.98  0.0    0 12.1 26 310   M    M  10 1      30 320
18  74  64  69  -1   0   4 0.08  0.0    0  7.7 30  90   M    M   5 1      37  90
19  84  61  73   2   0   8 0.02  0.0    0  5.7 14 210   M    M   3 1      18 200
20  71  60  66  -5   0   1 0.00  0.0    0  9.8 23  10   M    M   0 1      28  10
21  80  57  69  -2   0   4    T  0.0    0  8.8 18 150   M    M   4        27 140
22  80  67  74   3   0   9 1.23  0.0    0  8.9 17 120   M    M   9 1      23 110
23  84  70  77   5   0  12 0.00  0.0    0  6.5 14 140   M    M   8 1      17 140
24  85  74  80   8   0  15 0.03  0.0    0 11.0 21 160   M    M   8 1      25 150
25  85  67  76   4   0  11 0.70  0.0    0  7.5 24 350   M    M   4 13     30 350
================================================================================
SM 1994 1652         0 203  6.81     0.0 245.6          M      171
================================================================================
AV 79.8 66.1                               9.8 FASTST   M    M   7    MAX(MPH)
                                 MISC ---->  # 35 340               # 45  350
================================================================================
NOTES:
# LAST OF SEVERAL OCCURRENCES

COLUMN 17 PEAK WIND IN M.P.H.

PRELIMINARY LOCAL CLIMATOLOGICAL DATA (WS FORM: F-6) , PAGE 2

                                          STATION:  VICTORIA
                                          MONTH:    APRIL
                                          YEAR:     2015
                                          LATITUDE:   28 51 N
                                          LONGITUDE:  96 55 W

[TEMPERATURE DATA]      [PRECIPITATION DATA]       SYMBOLS USED IN COLUMN 16

AVERAGE MONTHLY: 72.9   TOTAL FOR MONTH:   6.81    1 = FOG OR MIST
DPTR FM NORMAL:   3.6   DPTR FM NORMAL:    4.56    2 = FOG REDUCING VISIBILITY
HIGHEST:    86 ON 13    GRTST 24HR  2.01 ON 17-18      TO 1/4 MILE OR LESS
LOWEST:     57 ON 21                               3 = THUNDER
                        SNOW, ICE PELLETS, HAIL    4 = ICE PELLETS
                        TOTAL MONTH:   0.0 INCH    5 = HAIL
                        GRTST 24HR     0.0         6 = FREEZING RAIN OR DRIZZLE
                        GRTST DEPTH:   0           7 = DUSTSTORM OR SANDSTORM:
                                                       VSBY 1/2 MILE OR LESS
                                                   8 = SMOKE OR HAZE
[NO. OF DAYS WITH]      [WEATHER - DAYS WITH]      9 = BLOWING SNOW
                                                   X = TORNADO
MAX 32 OR BELOW:   0    0.01 INCH OR MORE:  13
MAX 90 OR ABOVE:   0    0.10 INCH OR MORE:   8
MIN 32 OR BELOW:   0    0.50 INCH OR MORE:   6
MIN  0 OR BELOW:   0    1.00 INCH OR MORE:   2

[HDD (BASE 65) ]
TOTAL THIS MO.     0    CLEAR  (SCALE 0-3)   1
DPTR FM NORMAL   -29    PTCLDY (SCALE 4-7)  16
TOTAL FM JUL 1  1219    CLOUDY (SCALE 8-10)  8
DPTR FM NORMAL   -28

[CDD (BASE 65) ]
TOTAL THIS MO.   203
DPTR FM NORMAL    67    [PRESSURE DATA]
TOTAL FM JAN 1   278    HIGHEST SLP M ON M
DPTR FM NORMAL    30    LOWEST  SLP 29.65 ON 24

[REMARKS]
