000
CXUS51 KCLE 191004
CF6YNG
PRELIMINARY LOCAL CLIMATOLOGICAL DATA (WS FORM: F-6)

                                          STATION:   YOUNGSTOWN OH
                                          MONTH:     APRIL
                                          YEAR:      2015
                                          LATITUDE:   41 16 N
                                          LONGITUDE:  80 40 W

  TEMPERATURE IN F:       :PCPN:    SNOW:  WIND      :SUNSHINE: SKY     :PK WND
================================================================================
1   2   3   4   5  6A  6B    7    8   9   10  11  12  13   14  15   16   17  18
                                     12Z  AVG MX 2MIN
DY MAX MIN AVG DEP HDD CDD  WTR  SNW DPTH SPD SPD DIR MIN PSBL S-S WX    SPD DR
================================================================================

 1  57  25  41  -2  24   0 0.00  0.0    0  5.2 15 260   M    M   5 1      22 260
 2  64  44  54  11  11   0 0.20  0.0    0 11.0 23 220   M    M   8 1      32 190
 3  60  41  51   7  14   0 0.32  0.0    0  6.3 21 340   M    M  10 1      27 330
 4  45  30  38  -6  27   0 0.02  0.2    T 12.8 23 320   M    M   7 14     28 280
 5  62  39  51   6  14   0 0.00  0.0    0 12.0 26 230   M    M   6        35 220
 6  63  40  52   7  13   0 0.13  0.0    0  6.1 17 220   M    M   8 1      23 200
 7  59  50  55  10  10   0 0.35  0.0    0  7.1 15  30   M    M  10 1      19 100
 8  68  50  59  13   6   0    T  0.0    0  7.9 16 320   M    M   8 1      21 200
 9  69  50  60  14   5   0 0.46  0.0    0  8.4 18 170   M    M  10 123    25 170
10  66  43  55   8  10   0 0.01  0.0    0 16.1 29 260   M    M   7        40 250
11  55  35  45  -2  20   0 0.01  0.0    0  9.5 21 330   M    M   5        25 330
12  66  32  49   2  16   0 0.00  0.0    0  5.3 12  90   M    M   4        16 160
13  80  50  65  17   0   0 0.30  0.0    0 12.6 26 220   M    M   8 1      37 230
14  61  43  52   4  13   0 0.00  0.0    0  6.9 15  50   M    M  10        19  20
15  66  39  53   5  12   0 0.00  0.0    0  8.6 15  30   M    M   9        21  70
16  61  48  55   6  10   0 0.13  0.0    0 11.8 22 150   M    M  10 1      30 170
17  69  49  59  10   6   0 0.01  0.0    0  5.3 13 330   M    M   7 18     16 320
18  75  45  60  10   5   0 0.00  0.0    0  8.2 17 330   M    M   6        21 360
================================================================================
SM 1146  753       216   0  1.94     0.2 161.1          M      138
================================================================================
AV 63.7 41.8                               9.0 FASTST   M    M   8    MAX(MPH)
                                 MISC ---->  # 29 260               # 40  250
================================================================================
NOTES:
# LAST OF SEVERAL OCCURRENCES

COLUMN 17 PEAK WIND IN M.P.H.

PRELIMINARY LOCAL CLIMATOLOGICAL DATA (WS FORM: F-6) , PAGE 2

                                          STATION:  YOUNGSTOWN OH
                                          MONTH:    APRIL
                                          YEAR:     2015
                                          LATITUDE:   41 16 N
                                          LONGITUDE:  80 40 W

[TEMPERATURE DATA]      [PRECIPITATION DATA]       SYMBOLS USED IN COLUMN 16

AVERAGE MONTHLY: 52.8   TOTAL FOR MONTH:   1.94    1 = FOG OR MIST
DPTR FM NORMAL:   6.4   DPTR FM NORMAL:   -0.13    2 = FOG REDUCING VISIBILITY
HIGHEST:    80 ON 13    GRTST 24HR  0.46 ON  9- 9      TO 1/4 MILE OR LESS
LOWEST:     25 ON  1                               3 = THUNDER
                        SNOW, ICE PELLETS, HAIL    4 = ICE PELLETS
                        TOTAL MONTH:   0.2 INCH    5 = HAIL
                        GRTST 24HR   0.2 ON   M    6 = FREEZING RAIN OR DRIZZLE
                        GRTST DEPTH:   T           7 = DUSTSTORM OR SANDSTORM:
                                                       VSBY 1/2 MILE OR LESS
                                                   8 = SMOKE OR HAZE
[NO. OF DAYS WITH]      [WEATHER - DAYS WITH]      9 = BLOWING SNOW
                                                   X = TORNADO
MAX 32 OR BELOW:   0    0.01 INCH OR MORE:  11
MAX 90 OR ABOVE:   0    0.10 INCH OR MORE:   7
MIN 32 OR BELOW:   3    0.50 INCH OR MORE:   0
MIN  0 OR BELOW:   0    1.00 INCH OR MORE:   0

[HDD (BASE 65) ]
TOTAL THIS MO.   216    CLEAR  (SCALE 0-3)   0
DPTR FM NORMAL  -123    PTCLDY (SCALE 4-7)  12
TOTAL FM JUL 1  6322    CLOUDY (SCALE 8-10)  6
DPTR FM NORMAL   459

[CDD (BASE 65) ]
TOTAL THIS MO.     0
DPTR FM NORMAL     0    [PRESSURE DATA]
TOTAL FM JAN 1     0    HIGHEST SLP M ON M
DPTR FM NORMAL    -1    LOWEST  SLP 29.60 ON 10

[REMARKS]
