000
CDUS41 KPHI 052131
CLIABE


CLIMATE REPORT
NATIONAL WEATHER SERVICE MOUNT HOLLY NJ
530 PM EDT TUE MAY 5 2015


...................................

...THE ALLENTOWN PA CLIMATE SUMMARY FOR MAY 5 2015...
VALID TODAY AS OF 0500 PM LOCAL TIME.

CLIMATE NORMAL PERIOD 1981 TO 2010
CLIMATE RECORD PERIOD 1922 TO 2015


WEATHER ITEM   OBSERVED TIME   RECORD YEAR NORMAL DEPARTURE LAST
                VALUE   (LST)  VALUE       VALUE  FROM      YEAR
                                                  NORMAL
..................................................................
TEMPERATURE (F)
 TODAY
  MAXIMUM         83    116 PM  92    1949  68     15       66
  MINIMUM         53    354 AM  31    1976  45      8       44
  AVERAGE         68                        56     12       55

PRECIPITATION (IN)
  TODAY            T             1.98 1922   0.13  -0.13     0.00
  MONTH TO DATE    T                         0.60  -0.60     0.23
  SINCE MAR 1      6.24                      7.55  -1.31     9.27
  SINCE JAN 1     10.79                     13.28  -2.49    18.26

SNOWFALL (IN)
  TODAY            0.0           0.0    MM   0.0    0.0      0.0
  MONTH TO DATE    0.0                       0.0    0.0      0.0
  SINCE MAR 1     17.8                       5.9   11.9      1.4
  SINCE JUL 1     50.1                      32.9   17.2     68.1
  SNOW DEPTH       0

DEGREE DAYS
 HEATING
  TODAY            0                         9     -9       10
  MONTH TO DATE   20                        48    -28       43
  SINCE MAR 1   1386                      1309     77     1467
  SINCE JUL 1   5867                      5618    249     6065

 COOLING
  TODAY            3                         0      3        0
  MONTH TO DATE    4                         0      4        0
  SINCE MAR 1      4                         5     -1        7
  SINCE JAN 1      4                         5     -1        7
..................................................................


WIND (MPH)
  HIGHEST WIND SPEED    14   HIGHEST WIND DIRECTION    SW (240)
  HIGHEST GUST SPEED    17   HIGHEST GUST DIRECTION    SW (240)
  AVERAGE WIND SPEED     2.5


SKY COVER
  POSSIBLE SUNSHINE  MM
  AVERAGE SKY COVER 0.1


WEATHER CONDITIONS
 THE FOLLOWING WEATHER WAS RECORDED TODAY.
  LIGHT RAIN


RELATIVE HUMIDITY (PERCENT)
 HIGHEST    83           400 AM
 LOWEST     42           100 PM
 AVERAGE    63

..........................................................


THE ALLENTOWN PA CLIMATE NORMALS FOR TOMORROW
                         NORMAL    RECORD    YEAR
 MAXIMUM TEMPERATURE (F)   69        92      1949
 MINIMUM TEMPERATURE (F)   45        36      2011
                                             1945


SUNRISE AND SUNSET
MAY  5 2015...........SUNRISE   556 AM EDT   SUNSET   802 PM EDT
MAY  6 2015...........SUNRISE   555 AM EDT   SUNSET   803 PM EDT


-  INDICATES NEGATIVE NUMBERS.
R  INDICATES RECORD WAS SET OR TIED.
MM INDICATES DATA IS MISSING.
T  INDICATES TRACE AMOUNT.




$$
