000
CDUS44 KFWD 060639
CLIACT


CLIMATE REPORT
NATIONAL WEATHER SERVICE FORT WORTH TX
138 AM CDT WED MAY 6 2015


...................................

...THE WACO CLIMATE SUMMARY FOR MAY 5 2015...

CLIMATE NORMAL PERIOD 1981 TO 2010
CLIMATE RECORD PERIOD 1901 TO 2015


WEATHER ITEM   OBSERVED TIME   RECORD YEAR NORMAL DEPARTURE LAST
                VALUE   (LST)  VALUE       VALUE  FROM      YEAR
                                                  NORMAL
..................................................................
TEMPERATURE (F)
 YESTERDAY
  MAXIMUM         85    220 PM 100    1984  82      3       89
                                      1906
  MINIMUM         61    328 AM  40    2013  61      0       60
  AVERAGE         73                        71      2       75

PRECIPITATION (IN)
  YESTERDAY        0.01          2.12 1995   0.14  -0.13     0.00
  MONTH TO DATE    0.01                      0.69  -0.68     0.00
  SINCE MAR 1      7.35                      6.53   0.82     2.63
  SINCE JAN 1     12.08                     11.28   0.80     3.39

DEGREE DAYS
 HEATING
  YESTERDAY        0                         0      0        0
  MONTH TO DATE    0                         4     -4       11
  SINCE MAR 1    350                       328     22      461
  SINCE JUL 1   2304                      2140    164     2604

 COOLING
  YESTERDAY        8                         7      1       10
  MONTH TO DATE   27                        32     -5       19
  SINCE MAR 1    188                       177     11      148
  SINCE JAN 1    188                       186      2      148
..................................................................


WIND (MPH)
  HIGHEST WIND SPEED    25   HIGHEST WIND DIRECTION     S (160)
  HIGHEST GUST SPEED    32   HIGHEST GUST DIRECTION     S (170)
  AVERAGE WIND SPEED    14.0


SKY COVER
  POSSIBLE SUNSHINE  MM
  AVERAGE SKY COVER 0.7


WEATHER CONDITIONS
 THE FOLLOWING WEATHER WAS RECORDED YESTERDAY.
  LIGHT RAIN


RELATIVE HUMIDITY (PERCENT)
 HIGHEST    93           700 AM
 LOWEST     51           200 PM
 AVERAGE    72

..........................................................


THE WACO CLIMATE NORMALS FOR TODAY
                         NORMAL    RECORD    YEAR
 MAXIMUM TEMPERATURE (F)   83       100      1984
 MINIMUM TEMPERATURE (F)   61        42      2013


SUNRISE AND SUNSET
MAY  6 2015...........SUNRISE   639 AM CDT   SUNSET   812 PM CDT
MAY  7 2015...........SUNRISE   638 AM CDT   SUNSET   813 PM CDT


-  INDICATES NEGATIVE NUMBERS.
R  INDICATES RECORD WAS SET OR TIED.
MM INDICATES DATA IS MISSING.
T  INDICATES TRACE AMOUNT.




$$
