000
CDUS41 KPHI 040632
CLIACY


CLIMATE REPORT
NATIONAL WEATHER SERVICE MOUNT HOLLY NJ
232 AM EDT MON MAY 4 2015


...................................

...THE ATLANTIC CITY NJ CLIMATE SUMMARY FOR MAY 3 2015...

CLIMATE NORMAL PERIOD 1981 TO 2010
CLIMATE RECORD PERIOD 1874 TO 2015


WEATHER ITEM   OBSERVED TIME   RECORD YEAR NORMAL DEPARTURE LAST
                VALUE   (LST)  VALUE       VALUE  FROM      YEAR
                                                  NORMAL
..................................................................
TEMPERATURE (F)
 YESTERDAY
  MAXIMUM         75   1205 PM  89    2001  68      7       67
                                      1913
  MINIMUM         47    122 AM  34    1882  47      0       45
  AVERAGE         61                        57      4       56

PRECIPITATION (IN)
  YESTERDAY        0.00          1.15 1974   0.10  -0.10     0.02
  MONTH TO DATE    0.00                      0.29  -0.29     0.03
  SINCE MAR 1      9.19                      8.13   1.06     9.40
  SINCE JAN 1     17.25                     14.22   3.03    17.95

SNOWFALL (IN)
  YESTERDAY        0.0           0.0  1903   0.0    0.0      0.0
  MONTH TO DATE    0.0                       0.0    0.0      0.0
  SINCE MAR 1      7.4                       1.4    6.0     15.6
  SINCE JUL 1     22.4                      16.5    5.9     43.8
  SNOW DEPTH       0

DEGREE DAYS
 HEATING
  YESTERDAY        4                         9     -5        9
  MONTH TO DATE   31                        27      4       14
  SINCE MAR 1   1230                      1140     90     1327
  SINCE JUL 1   5105                      4731    374     5190

 COOLING
  YESTERDAY        0                         1     -1        0
  MONTH TO DATE    0                         3     -3        1
  SINCE MAR 1      0                        12    -12        1
  SINCE JAN 1      0                        12    -12        1
..................................................................


WIND (MPH)
  HIGHEST WIND SPEED    14   HIGHEST WIND DIRECTION    SE (150)
  HIGHEST GUST SPEED    18   HIGHEST GUST DIRECTION    SE (150)
  AVERAGE WIND SPEED     5.6


SKY COVER
  POSSIBLE SUNSHINE  MM
  AVERAGE SKY COVER 0.3


WEATHER CONDITIONS
 THE FOLLOWING WEATHER WAS RECORDED YESTERDAY.
  NO SIGNIFICANT WEATHER WAS OBSERVED.


RELATIVE HUMIDITY (PERCENT)
 HIGHEST    83           800 PM
 LOWEST     38          1100 AM
 AVERAGE    61

..........................................................


THE ATLANTIC CITY NJ CLIMATE NORMALS FOR TODAY
                         NORMAL    RECORD    YEAR
 MAXIMUM TEMPERATURE (F)   68        91      1965
 MINIMUM TEMPERATURE (F)   47        33      1986
                                             1976
                                             1967


SUNRISE AND SUNSET
MAY  4 2015...........SUNRISE   556 AM EDT   SUNSET   755 PM EDT
MAY  5 2015...........SUNRISE   555 AM EDT   SUNSET   756 PM EDT


-  INDICATES NEGATIVE NUMBERS.
R  INDICATES RECORD WAS SET OR TIED.
MM INDICATES DATA IS MISSING.
T  INDICATES TRACE AMOUNT.




$$
