000
CDUS42 KFFC 070022
CLIAHN


CLIMATE REPORT
NATIONAL WEATHER SERVICE PEACHTREE CITY GA
822 PM EDT WED MAY 6 2015


...................................

...THE ATHENS CLIMATE SUMMARY FOR MAY 6 2015...
VALID AS OF 0800 PM LOCAL TIME.

CLIMATE NORMAL PERIOD 1981 TO 2010
CLIMATE RECORD PERIOD 1898 TO 2015


WEATHER ITEM   OBSERVED TIME   RECORD YEAR NORMAL DEPARTURE LAST
                VALUE   (LST)  VALUE       VALUE  FROM      YEAR
                                                  NORMAL
..................................................................
TEMPERATURE (F)
 TODAY
  MAXIMUM         83    338 PM  92    1952  79      4       90
  MINIMUM         53    601 AM  40    1968  55     -2       57
  AVERAGE         68                        67      1       74

PRECIPITATION (IN)
  TODAY            0.00          1.66 2003   0.10  -0.10     0.00
  MONTH TO DATE    0.00                      0.61  -0.61     0.00
  SINCE MAR 1     10.80                      8.19   2.61     7.54
  SINCE JAN 1     17.77                     16.72   1.05    16.18

SNOWFALL (IN)
  TODAY            0.0           0.0  2002   0.0    0.0      0.0
                                      2001
                                      2000
  MONTH TO DATE    0.0                       0.0    0.0      0.0
  SINCE MAR 1      0.0                       0.8   -0.8      0.0
  SINCE JUL 1      T                         2.9   -2.9      2.8
  SNOW DEPTH       0

DEGREE DAYS
 HEATING
  TODAY            0                         2     -2        0
  MONTH TO DATE    7                        12     -5        5
  SINCE MAR 1    322                       500   -178      537
  SINCE JUL 1   2828                      2755     73     2999

 COOLING
  TODAY            3                         4     -1        9
  MONTH TO DATE   10                        20    -10       22
  SINCE MAR 1     89                        77     12       73
  SINCE JAN 1     89                        78     11       74
..................................................................


WIND (MPH)
  HIGHEST WIND SPEED    12   HIGHEST WIND DIRECTION     E (70)
  HIGHEST GUST SPEED    15   HIGHEST GUST DIRECTION     E (70)
  AVERAGE WIND SPEED     3.6


SKY COVER
  AVERAGE SKY COVER 0.1


WEATHER CONDITIONS
 THE FOLLOWING WEATHER WAS RECORDED TODAY.
  FOG
  HAZE


RELATIVE HUMIDITY (PERCENT)
 HIGHEST    93           300 AM
 LOWEST     33           300 PM

..........................................................


THE ATHENS CLIMATE NORMALS FOR TOMORROW
                         NORMAL    RECORD    YEAR
 MAXIMUM TEMPERATURE (F)   79        96      1940
 MINIMUM TEMPERATURE (F)   55        39      1944


SUNRISE AND SUNSET
MAY  6 2015...........SUNRISE   640 AM EDT   SUNSET   821 PM EDT
MAY  7 2015...........SUNRISE   639 AM EDT   SUNSET   821 PM EDT


-  INDICATES NEGATIVE NUMBERS.
R  INDICATES RECORD WAS SET OR TIED.
MM INDICATES DATA IS MISSING.
T  INDICATES TRACE AMOUNT.




$$
