000
CDUS42 KJAX 270532
CLIAMG


CLIMATE REPORT
NATIONAL WEATHER SERVICE JACKSONVILLE FL
131 AM EDT MON APR 27 2015


...................................

...THE ALMA CLIMATE SUMMARY FOR APRIL 26 2015...

CLIMATE NORMAL PERIOD 1981 TO 2010
CLIMATE RECORD PERIOD 1948 TO 2015


WEATHER ITEM   OBSERVED TIME   RECORD YEAR NORMAL DEPARTURE LAST
                VALUE   (LST)  VALUE       VALUE  FROM      YEAR
                                                  NORMAL
..................................................................
TEMPERATURE (F)
 YESTERDAY
  MAXIMUM         87        MM  93    1986  81      6       85
  MINIMUM         65        MM  43    1983  56      9       53
  AVERAGE         76                        68      8       69

PRECIPITATION (IN)
  YESTERDAY        0.00          3.76 1973   0.07  -0.07     0.00
  MONTH TO DATE    2.52                      2.51   0.01     7.66
  SINCE MAR 1      5.03                      7.26  -2.23    10.88
  SINCE JAN 1     10.86                     15.32  -4.46    14.40

SNOWFALL (IN)
  YESTERDAY        0.0           0.0    MM   0.0    0.0      0.0
  MONTH TO DATE    0.0                       0.0    0.0      0.0
  SINCE MAR 1      0.0                       0.0    0.0      0.0
  SINCE JUL 1      0.0                       0.1   -0.1       T
  SNOW DEPTH       0

DEGREE DAYS
 HEATING
  YESTERDAY        0                         1     -1        0
  MONTH TO DATE    2                        59    -57       58
  SINCE MAR 1    136                       247   -111      337
  SINCE JUL 1   1811                      1648    163     1804

 COOLING
  YESTERDAY       11                         5      6        4
  MONTH TO DATE  168                        80     88       56
  SINCE MAR 1    220                       118    102       60
  SINCE JAN 1    223                       134     89       68
..................................................................


WIND (MPH)
  HIGHEST WIND SPEED    15   HIGHEST WIND DIRECTION     W (290)
  HIGHEST GUST SPEED    20   HIGHEST GUST DIRECTION     W (280)
  AVERAGE WIND SPEED     7.6


SKY COVER
  POSSIBLE SUNSHINE  MM
  AVERAGE SKY COVER 0.0


WEATHER CONDITIONS
 THE FOLLOWING WEATHER WAS RECORDED YESTERDAY.
  NO SIGNIFICANT WEATHER WAS OBSERVED.


RELATIVE HUMIDITY (PERCENT)
 HIGHEST   100           200 AM
 LOWEST     34           300 PM
 AVERAGE    67

..........................................................


THE ALMA CLIMATE NORMALS FOR TODAY
                         NORMAL    RECORD    YEAR
 MAXIMUM TEMPERATURE (F)   81        96      1986
 MINIMUM TEMPERATURE (F)   56        41      1972


SUNRISE AND SUNSET
APRIL 27 2015.........SUNRISE   649 AM EDT   SUNSET   807 PM EDT
APRIL 28 2015.........SUNRISE   648 AM EDT   SUNSET   808 PM EDT


-  INDICATES NEGATIVE NUMBERS.
R  INDICATES RECORD WAS SET OR TIED.
MM INDICATES DATA IS MISSING.
T  INDICATES TRACE AMOUNT.




$$
