000
CDAK48 PAFC 260247 CCA
CLIANC

CLIMATE REPORT
NATIONAL WEATHER SERVICE ANCHORAGE, AK
438 PM AKDT SAT APR 25 2015


...................................

...THE ANCHORAGE AK CLIMATE SUMMARY FOR APRIL 25 2015...
VALID TODAY AS OF 0400 PM LOCAL TIME.

CLIMATE NORMAL PERIOD 1981 TO 2010
CLIMATE RECORD PERIOD 1952 TO 2015


WEATHER ITEM   OBSERVED RECORD YEAR NORMAL DEPARTURE LAST
                VALUE   VALUE       VALUE  FROM      YEAR
                                           NORMAL
...........................................................
TEMPERATURE (F)
 TODAY
  MAXIMUM         54     60    2005  49      5       49
  MINIMUM         32     18    1955  33     -1       38
  AVERAGE         43                 41              44

PRECIPITATION (IN)
  TODAY            0.00   0.97 2008   0.01  -0.01     0.00
  MONTH TO DATE    0.61               0.38   0.23     0.04
  SINCE MAR 1      1.38               0.98   0.40     0.74
  SINCE JAN 1      2.46               2.43   0.03     2.76

SNOWFALL (IN)
  TODAY            0.0   15.5  2008   0.1   -0.1      0.0
  MONTH TO DATE    4.4                3.7    0.7      0.4
  SINCE MAR 1      4.6               13.6   -9.0     11.3
  SINCE JUL 1     25.1               73.9  -48.8     64.7
  SNOW DEPTH       0

DEGREE DAYS
 HEATING
  TODAY           22                 24     -2       21
  MONTH TO DATE  635                729    -94      700
  SINCE MAR 1   1725               1921   -196     1866
  SINCE JUL 1   8077               9250  -1173     8615

 COOLING
  TODAY            0                  0      0        0
  MONTH TO DATE    0                  0      0        0
  SINCE MAR 1      0                  0      0        0
  SINCE JAN 1      0                  0      0        0
...........................................................


WIND (MPH)
  RESULTANT WIND SPEED   1   RESULTANT WIND DIRECTION   W (290)
  HIGHEST WIND SPEED    10   HIGHEST WIND DIRECTION     S (190)
  HIGHEST GUST SPEED    23   HIGHEST GUST DIRECTION    SE (150)
  AVERAGE WIND SPEED     4.7


SKY COVER
  POSSIBLE SUNSHINE  MM
  AVERAGE SKY COVER 0.8


WEATHER CONDITIONS
 THE FOLLOWING WEATHER WAS RECORDED TODAY.
  NO SIGNIFICANT WEATHER WAS OBSERVED.


RELATIVE HUMIDITY (PERCENT)
 HIGHEST    59           800 AM
 LOWEST     28           200 PM
 AVERAGE    44

..........................................................


THE ANCHORAGE AK CLIMATE NORMALS FOR TOMORROW
                         NORMAL    RECORD    YEAR
 MAXIMUM TEMPERATURE (F)   49        61      2005
 MINIMUM TEMPERATURE (F)   33        16      1955


SUNRISE AND SUNSET
APRIL 25 2015.........SUNRISE   609 AM AKDT  SUNSET   949 PM AKDT
APRIL 26 2015.........SUNRISE   606 AM AKDT  SUNSET   951 PM AKDT

CIVIL TWILIGHT
APRIL 25 2015           START   517 AM AKDT     END  1043 PM AKDT
APRIL 26 2015           START   513 AM AKDT     END  1046 PM AKDT



-  INDICATES NEGATIVE NUMBERS.
R  INDICATES RECORD WAS SET OR TIED.
MM INDICATES DATA IS MISSING.
T  INDICATES TRACE AMOUNT.




$$
&&
------------------------------------------------------
AMOUNT OF DAYLIGHT TODAY  (HOUR:MIN)........15:40
GAIN/LOSS SINCE YESTERDAY (HOUR:MIN:SEC)....+0:05:38
