000
CDUS43 KAPX 040540
CLIANJ


CLIMATE REPORT
NATIONAL WEATHER SERVICE GAYLORD MI
139 AM EDT MON MAY 4 2015


...................................

...THE SAULT STE MARIE MI CLIMATE SUMMARY FOR MAY 3 2015...

CLIMATE NORMAL PERIOD 1981 TO 2010
CLIMATE RECORD PERIOD 1888 TO 2015


WEATHER ITEM   OBSERVED TIME   RECORD YEAR NORMAL DEPARTURE LAST
                VALUE   (LST)  VALUE       VALUE  FROM      YEAR
                                                  NORMAL
..................................................................
TEMPERATURE (F)
 YESTERDAY
  MAXIMUM         78    250 PM  82    1934  58     20       48
  MINIMUM         45    557 AM  22    1926  38      7       37
  AVERAGE         62                        48     14       43

PRECIPITATION (IN)
  YESTERDAY        0.07          0.85 1993   0.08  -0.01     0.15
  MONTH TO DATE    0.07                      0.23  -0.16     0.67
  SINCE MAR 1      3.23                      4.57  -1.34     6.58
  SINCE JAN 1      6.60                      8.10  -1.50     9.94

DEGREE DAYS
 HEATING
  YESTERDAY        3                        17    -14       22
  MONTH TO DATE   22                        53    -31       70
  SINCE MAR 1   2145                      1996    149     2454
  SINCE JUL 1   8924                      8122    802     9234

 COOLING
  YESTERDAY        0                         0      0        0
  MONTH TO DATE    0                         0      0        0
  SINCE MAR 1      0                         0      0        0
  SINCE JAN 1      0                         0      0        0
..................................................................


WIND (MPH)
  HIGHEST WIND SPEED    23   HIGHEST WIND DIRECTION    SW (210)
  HIGHEST GUST SPEED    31   HIGHEST GUST DIRECTION    SW (220)
  AVERAGE WIND SPEED     8.8




RELATIVE HUMIDITY (PERCENT)
 HIGHEST    76
 LOWEST     33
 AVERAGE    55

..........................................................


THE SAULT STE MARIE MI CLIMATE NORMALS FOR TODAY
                         NORMAL    RECORD    YEAR
 MAXIMUM TEMPERATURE (F)   59        84      1980
 MINIMUM TEMPERATURE (F)   38        20      1967


SUNRISE AND SUNSET
MAY  4 2015...........SUNRISE   619 AM EDT   SUNSET   850 PM EDT
MAY  5 2015...........SUNRISE   618 AM EDT   SUNSET   852 PM EDT


-  INDICATES NEGATIVE NUMBERS.
R  INDICATES RECORD WAS SET OR TIED.
MM INDICATES DATA IS MISSING.
T  INDICATES TRACE AMOUNT.




$$
