000
CDUS42 KMFL 060851
CLIAPF


CLIMATE REPORT
NATIONAL WEATHER SERVICE MIAMI, FL
450 AM EDT WED MAY 6 2015


...................................

...THE NAPLES CLIMATE SUMMARY FOR MAY 5 2015...

CLIMATE NORMAL PERIOD 1981 TO 2010
CLIMATE RECORD PERIOD 1942 TO 2015


WEATHER ITEM   OBSERVED TIME   RECORD YEAR NORMAL DEPARTURE LAST
                VALUE   (LST)  VALUE       VALUE  FROM      YEAR
                                                  NORMAL
..................................................................
TEMPERATURE (F)
 YESTERDAY
  MAXIMUM         85    358 PM  92    1989  87     -2       90
  MINIMUM         69    621 AM  51    2001  66      3       61
  AVERAGE         77                        76      1       76

PRECIPITATION (IN)
  YESTERDAY        0.00          2.26 1978   0.08  -0.08     0.00
  MONTH TO DATE    0.00                      0.36  -0.36     0.10
  SINCE NOV 1      6.14                     12.54  -6.40     8.06
  SINCE JAN 1      4.84                      9.05  -4.21     6.96

SNOWFALL (IN)
  YESTERDAY        0.0
  MONTH TO DATE    0.0
  SINCE MAR 1      0.0
  SINCE JUL 1      0.0
  SNOW DEPTH       0

DEGREE DAYS
 HEATING
  YESTERDAY        0                         0      0        0
  MONTH TO DATE    0                         0      0        0
  SINCE MAR 1      1                        27    -26        7
  SINCE JUL 1    198                       260    -62      149

 COOLING
  YESTERDAY       12                        11      1       11
  MONTH TO DATE   50                        55     -5       66
  SINCE MAR 1    767                       484    283      527
  SINCE JAN 1    943                       675    268      800
..................................................................


WIND (MPH)
  HIGHEST WIND SPEED    20   HIGHEST WIND DIRECTION     E (80)
  HIGHEST GUST SPEED    25   HIGHEST GUST DIRECTION    NE (50)
  AVERAGE WIND SPEED    10.5


SKY COVER
  AVERAGE SKY COVER 0.3


WEATHER CONDITIONS
 THE FOLLOWING WEATHER WAS RECORDED YESTERDAY.
  NO SIGNIFICANT WEATHER WAS OBSERVED.


RELATIVE HUMIDITY (PERCENT)
 HIGHEST    84
 LOWEST     48
 AVERAGE    66

..........................................................


THE NAPLES CLIMATE NORMALS FOR TODAY
                         NORMAL    RECORD    YEAR
 MAXIMUM TEMPERATURE (F)   87        94      2002
                                             1984
 MINIMUM TEMPERATURE (F)   67        52      1963


SUNRISE AND SUNSET
MAY  6 2015...........SUNRISE   646 AM EDT   SUNSET   801 PM EDT
MAY  7 2015...........SUNRISE   646 AM EDT   SUNSET   802 PM EDT


-  INDICATES NEGATIVE NUMBERS.
R  INDICATES RECORD WAS SET OR TIED.
MM INDICATES DATA IS MISSING.
T  INDICATES TRACE AMOUNT.




$$
