000
CDUS44 KLCH 280903
CLIARA


CLIMATE REPORT
NATIONAL WEATHER SERVICE LAKE CHARLES, LA
401 AM CDT TUE APR 28 2015


...................................

...THE NEW IBERIA CLIMATE SUMMARY FOR APRIL 27 2015...

CLIMATE NORMAL PERIOD 1981 TO 2010
CLIMATE RECORD PERIOD 1948 TO 2015


WEATHER ITEM   OBSERVED TIME   RECORD YEAR NORMAL DEPARTURE LAST
                VALUE   (LST)  VALUE       VALUE  FROM      YEAR
                                                  NORMAL
..................................................................
TEMPERATURE (F)
 YESTERDAY
  MAXIMUM         76    702 AM  89    1987  82     -6       84
                                      1963
                                      1948
  MINIMUM         64    814 AM  48    1992  60      4       75
                                      1978
                                      1952
  AVERAGE         70                        71     -1       80

PRECIPITATION (IN)
  YESTERDAY        1.43          2.31 1979   0.10   1.33     0.03
  MONTH TO DATE   10.09                      3.74   6.35     2.27
  SINCE MAR 1     13.97                      7.51   6.46     3.78
  SINCE JAN 1     20.43                     16.92   3.51    12.12

SNOWFALL (IN)
  YESTERDAY        0.0           0.0    MM  MM               0.0
  MONTH TO DATE    0.0                      MM               0.0
  SINCE MAR 1      T                        MM               0.0
  SINCE JUL 1      T                        MM               0.1

DEGREE DAYS
 HEATING
  YESTERDAY        0                         0      0        0
  MONTH TO DATE    0                        43    -43       43
  SINCE MAR 1     72                       191   -119      256
  SINCE JUL 1   1415                      1407      8     1780

 COOLING
  YESTERDAY        5                         6     -1       15
  MONTH TO DATE  209                       115     94      126
  SINCE MAR 1    301                       167    134      149
  SINCE JAN 1    305                       198    107      167
..................................................................


WIND (MPH)
  RESULTANT WIND SPEED   9   RESULTANT WIND DIRECTION   E (80)
  HIGHEST WIND SPEED    38   HIGHEST WIND DIRECTION    NW (310)
  HIGHEST GUST SPEED    49   HIGHEST GUST DIRECTION    NW (320)
  AVERAGE WIND SPEED    10.9


SKY COVER
  POSSIBLE SUNSHINE  MM
  AVERAGE SKY COVER 0.7


WEATHER CONDITIONS
 THE FOLLOWING WEATHER WAS RECORDED YESTERDAY.
  THUNDERSTORM
  HEAVY RAIN
  RAIN
  LIGHT RAIN
  FOG
  HAZE


RELATIVE HUMIDITY (PERCENT)
 HIGHEST    94           100 AM
 LOWEST     73           300 PM
 AVERAGE    84

..........................................................


THE NEW IBERIA CLIMATE NORMALS FOR TODAY
                         NORMAL    RECORD    YEAR
 MAXIMUM TEMPERATURE (F)   82        94      1987
 MINIMUM TEMPERATURE (F)   61        47      1973


SUNRISE AND SUNSET
APRIL 28 2015.........SUNRISE   628 AM CDT   SUNSET   743 PM CDT
APRIL 29 2015.........SUNRISE   627 AM CDT   SUNSET   744 PM CDT


-  INDICATES NEGATIVE NUMBERS.
R  INDICATES RECORD WAS SET OR TIED.
MM INDICATES DATA IS MISSING.
T  INDICATES TRACE AMOUNT.




$$
