000
CDUS46 KPQR 031141
CLIAST


CLIMATE REPORT
NATIONAL WEATHER SERVICE PORTLAND OREGON
440 AM PDT SUN MAY 3 2015


...................................

...THE ASTORIA OR CLIMATE SUMMARY FOR MAY 2 2015...

CLIMATE NORMAL PERIOD 1981 TO 2010
CLIMATE RECORD PERIOD 1892 TO 2015


WEATHER ITEM   OBSERVED TIME   RECORD YEAR NORMAL DEPARTURE LAST
                VALUE   (LST)  VALUE       VALUE  FROM      YEAR
                                                  NORMAL
..................................................................
TEMPERATURE (F)
 YESTERDAY
  MAXIMUM         60    122 PM  78    1909  59      1       58
  MINIMUM         43   1158 PM  34    1948  43      0       52
  AVERAGE         52                        51      1       55

PRECIPITATION (IN)
  YESTERDAY        0.00          1.10 1893   0.12  -0.12     0.02
  MONTH TO DATE    0.00                      0.25  -0.25     0.02
  SINCE OCT 1     50.99                     57.31  -6.32    44.88
  SINCE JAN 1     25.37                     30.29  -4.92    32.72

DEGREE DAYS
 HEATING
  YESTERDAY       13                        14     -1       10
  MONTH TO DATE   25                        28     -3       10
  SINCE MAR 1    955                      1095   -140      963
  SINCE JUL 1   3495                      4437   -942     4392

 COOLING
  YESTERDAY        0                         0      0        0
  MONTH TO DATE    0                         0      0        4
  SINCE MAR 1      2                         0      2        7
  SINCE JAN 1      2                         0      2        7
..................................................................


WIND (MPH)
  HIGHEST WIND SPEED    22   HIGHEST WIND DIRECTION    NW (320)
  HIGHEST GUST SPEED    27   HIGHEST GUST DIRECTION    NW (320)
  AVERAGE WIND SPEED    10.9


SKY COVER
  POSSIBLE SUNSHINE  MM
  AVERAGE SKY COVER 0.2


WEATHER CONDITIONS
 THE FOLLOWING WEATHER WAS RECORDED YESTERDAY.
  NO SIGNIFICANT WEATHER WAS OBSERVED.


RELATIVE HUMIDITY (PERCENT)
 HIGHEST    93          1100 PM
 LOWEST     57           200 PM
 AVERAGE    75

..........................................................


THE ASTORIA OR CLIMATE NORMALS FOR TODAY
                         NORMAL    RECORD    YEAR
 MAXIMUM TEMPERATURE (F)   59        81      1992
                                             1944
 MINIMUM TEMPERATURE (F)   43        35      1980
                                             1949


SUNRISE AND SUNSET
MAY  3 2015...........SUNRISE   559 AM PDT   SUNSET   826 PM PDT
MAY  4 2015...........SUNRISE   558 AM PDT   SUNSET   828 PM PDT


-  INDICATES NEGATIVE NUMBERS.
R  INDICATES RECORD WAS SET OR TIED.
MM INDICATES DATA IS MISSING.
T  INDICATES TRACE AMOUNT.




$$
