000
CDUS42 KFFC 050822
CLIATL


CLIMATE REPORT
NATIONAL WEATHER SERVICE PEACHTREE CITY GA
422 AM EDT TUE MAY 5 2015


...................................

...THE ATLANTA CLIMATE SUMMARY FOR MAY 4 2015...

CLIMATE NORMAL PERIOD 1981 TO 2010
CLIMATE RECORD PERIOD 1878 TO 2015


WEATHER ITEM   OBSERVED TIME   RECORD YEAR NORMAL DEPARTURE LAST
                VALUE   (LST)  VALUE       VALUE  FROM      YEAR
                                                  NORMAL
..................................................................
TEMPERATURE (F)
 YESTERDAY
  MAXIMUM         81    331 PM  92    1902  77      4       85
  MINIMUM         59    417 AM  37    1971  57      2       56
  AVERAGE         70                        67      3       71

PRECIPITATION (IN)
  YESTERDAY        0.00          3.40 2013   0.13  -0.13     0.00
  MONTH TO DATE    0.00                      0.51  -0.51     0.00
  SINCE MAR 1     10.77                      8.68   2.09     9.02
  SINCE JAN 1     19.28                     17.55   1.73    16.18

DEGREE DAYS
 HEATING
  YESTERDAY        0                         2     -2        0
  MONTH TO DATE    6                         8     -2        8
  SINCE MAR 1    298                       493   -195      502
  SINCE JUL 1   2656                      2748    -92     2905

 COOLING
  YESTERDAY        5                         4      1        6
  MONTH TO DATE    7                        13     -6        6
  SINCE MAR 1    103                        78     25       57
  SINCE JAN 1    103                        79     24       59
..................................................................


WIND (MPH)
  RESULTANT WIND SPEED   4   RESULTANT WIND DIRECTION   S (160)
  HIGHEST WIND SPEED    13   HIGHEST WIND DIRECTION     S (170)
  HIGHEST GUST SPEED    16   HIGHEST GUST DIRECTION     S (200)
  AVERAGE WIND SPEED     4.1


SKY COVER
  AVERAGE SKY COVER 0.3


WEATHER CONDITIONS
 THE FOLLOWING WEATHER WAS RECORDED YESTERDAY.
  NO SIGNIFICANT WEATHER WAS OBSERVED.


RELATIVE HUMIDITY (PERCENT)
 HIGHEST    69           500 AM
 LOWEST     32           200 PM
 AVERAGE    51

..........................................................


THE ATLANTA CLIMATE NORMALS FOR TODAY
                         NORMAL    RECORD    YEAR
 MAXIMUM TEMPERATURE (F)   77        91      1952
 MINIMUM TEMPERATURE (F)   57        41      1954


SUNRISE AND SUNSET
MAY  5 2015...........SUNRISE   646 AM EDT   SUNSET   824 PM EDT
MAY  6 2015...........SUNRISE   645 AM EDT   SUNSET   825 PM EDT


-  INDICATES NEGATIVE NUMBERS.
R  INDICATES RECORD WAS SET OR TIED.
MM INDICATES DATA IS MISSING.
T  INDICATES TRACE AMOUNT.




$$
