000
CDUS42 KFFC 020035
CLIATL


CLIMATE REPORT
NATIONAL WEATHER SERVICE PEACHTREE CITY GA
835 PM EDT WED APR 1 2015


...................................

...THE ATLANTA CLIMATE SUMMARY FOR APRIL 1 2015...
VALID AS OF 0800 PM LOCAL TIME.

CLIMATE NORMAL PERIOD 1981 TO 2010
CLIMATE RECORD PERIOD 1878 TO 2015


WEATHER ITEM   OBSERVED TIME   RECORD YEAR NORMAL DEPARTURE LAST
                VALUE   (LST)  VALUE       VALUE  FROM      YEAR
                                                  NORMAL
..................................................................
TEMPERATURE (F)
 TODAY
  MAXIMUM         79    616 PM  85    1940  69     10       82
  MINIMUM         56    657 AM  27    1987  48      8       52
  AVERAGE         68                        58     10       67

PRECIPITATION (IN)
  TODAY            0.61          1.82 1938   0.13   0.48     0.00
  MONTH TO DATE    0.61                      0.13   0.48     0.00
  SINCE MAR 1      3.59                      4.94  -1.35     3.12
  SINCE JAN 1     12.10                     13.81  -1.71    10.28

SNOWFALL (IN)
  TODAY            0.0           0.0  2002   0.0    0.0      0.0
                                      2000
                                      2001
  MONTH TO DATE    0.0                       0.0    0.0      0.0
  SINCE MAR 1      0.0                       0.8   -0.8      0.0
  SINCE JUL 1      T                         2.9   -2.9      5.0
  SNOW DEPTH       0

DEGREE DAYS
 HEATING
  TODAY            0                         7     -7        0
  MONTH TO DATE    0                         7     -7        0
  SINCE MAR 1    237                       349   -112      380
  SINCE JUL 1   2595                      2604     -9     2783

 COOLING
  TODAY            3                         1      2        2
  MONTH TO DATE    3                         1      2        2
  SINCE MAR 1     18                        13      5        2
  SINCE JAN 1     18                        14      4        4
..................................................................


WIND (MPH)
  RESULTANT WIND SPEED   5   RESULTANT WIND DIRECTION  NW (310)
  HIGHEST WIND SPEED    18   HIGHEST WIND DIRECTION     W (280)
  HIGHEST GUST SPEED    24   HIGHEST GUST DIRECTION     W (280)
  AVERAGE WIND SPEED     6.7


SKY COVER
  AVERAGE SKY COVER 0.5


WEATHER CONDITIONS
 THE FOLLOWING WEATHER WAS RECORDED TODAY.
  THUNDERSTORM
  RAIN
  LIGHT RAIN
  FOG


RELATIVE HUMIDITY (PERCENT)
 HIGHEST    93           600 AM
 LOWEST     32           400 PM

..........................................................


THE ATLANTA CLIMATE NORMALS FOR TOMORROW
                         NORMAL    RECORD    YEAR
 MAXIMUM TEMPERATURE (F)   69        88      1940
 MINIMUM TEMPERATURE (F)   48        25      1881


SUNRISE AND SUNSET
APRIL  1 2015.........SUNRISE   726 AM EDT   SUNSET   758 PM EDT
APRIL  2 2015.........SUNRISE   724 AM EDT   SUNSET   759 PM EDT


-  INDICATES NEGATIVE NUMBERS.
R  INDICATES RECORD WAS SET OR TIED.
MM INDICATES DATA IS MISSING.
T  INDICATES TRACE AMOUNT.




$$
