000
CDUS41 KBOX 060549
CLIBDL


CLIMATE REPORT
NATIONAL WEATHER SERVICE TAUNTON MA
138 AM EDT WED MAY 6 2015


...................................

...THE HARTFORD CT CLIMATE SUMMARY FOR MAY 5 2015...

CLIMATE NORMAL PERIOD 1981 TO 2010
CLIMATE RECORD PERIOD 1904 TO 2015


WEATHER ITEM   OBSERVED TIME   RECORD YEAR NORMAL DEPARTURE LAST
                VALUE   (LST)  VALUE       VALUE  FROM      YEAR
                                                  NORMAL
..................................................................
TEMPERATURE (F)
 YESTERDAY
  MAXIMUM         85    308 PM  93    1949  68     17       67
  MINIMUM         61   1159 PM  30    2005  45     16       48
  AVERAGE         73                        56     17       58

PRECIPITATION (IN)
  YESTERDAY        0.00          1.86 1922   0.13  -0.13     0.00
  MONTH TO DATE    0.00                      0.62  -0.62     0.94
  SINCE MAR 1      6.06                      7.96  -1.90    11.12
  SINCE JAN 1     12.24                     14.08  -1.84    18.49

SNOWFALL (IN)
  YESTERDAY        0.0           T    1917   0.0    0.0      0.0
  MONTH TO DATE    0.0                       0.0    0.0      0.0
  SINCE MAR 1      9.0                       7.8    1.2      1.0
  SINCE JUL 1     63.8                      40.5   23.3     51.1
  SNOW DEPTH       0

DEGREE DAYS
 HEATING
  YESTERDAY        0                         9     -9        7
  MONTH TO DATE   20                        48    -28       39
  SINCE MAR 1   1478                      1363    115     1557
  SINCE JUL 1   6123                      5801    322     6236

 COOLING
  YESTERDAY        8                         0      8        0
  MONTH TO DATE   10                         0     10        0
  SINCE MAR 1     10                         6      4        1
  SINCE JAN 1     10                         6      4        1
..................................................................


WIND (MPH)
  RESULTANT WIND SPEED   3   RESULTANT WIND DIRECTION  NW (330)
  HIGHEST WIND SPEED    16   HIGHEST WIND DIRECTION    NW (300)
  HIGHEST GUST SPEED    22   HIGHEST GUST DIRECTION    NW (310)
  AVERAGE WIND SPEED     6.0


SKY COVER
  POSSIBLE SUNSHINE  MM
  AVERAGE SKY COVER 0.8


WEATHER CONDITIONS
 THE FOLLOWING WEATHER WAS RECORDED YESTERDAY.
  NO SIGNIFICANT WEATHER WAS OBSERVED.


RELATIVE HUMIDITY (PERCENT)
 HIGHEST    56           500 AM
 LOWEST     22           400 PM
 AVERAGE    39

..........................................................


THE HARTFORD CT CLIMATE NORMALS FOR TODAY
                         NORMAL    RECORD    YEAR
 MAXIMUM TEMPERATURE (F)   68        89      1930
 MINIMUM TEMPERATURE (F)   45        32      1992
                                             1961


SUNRISE AND SUNSET
MAY  6 2015...........SUNRISE   541 AM EDT   SUNSET   755 PM EDT
MAY  7 2015...........SUNRISE   540 AM EDT   SUNSET   756 PM EDT


-  INDICATES NEGATIVE NUMBERS.
R  INDICATES RECORD WAS SET OR TIED.
MM INDICATES DATA IS MISSING.
T  INDICATES TRACE AMOUNT.




$$
