000
CDUS44 KBMX 010933
CLIBHM


CLIMATE REPORT
NATIONAL WEATHER SERVICE BIRMINGHAM, AL
431 AM CDT WED APR 1 2015


...................................

...THE BIRMINGHAM CLIMATE SUMMARY FOR MARCH 31 2015...

CLIMATE NORMAL PERIOD 1981 TO 2010
CLIMATE RECORD PERIOD 2014 TO 2015


WEATHER ITEM   OBSERVED TIME   RECORD YEAR NORMAL DEPARTURE LAST
                VALUE   (LST)  VALUE       VALUE  FROM      YEAR
                                                  NORMAL
..................................................................
TEMPERATURE (F)
 YESTERDAY
  MAXIMUM         81    129 PM  86    1981  71     10       78
                                      1963
  MINIMUM         49    519 AM  29    2003  47      2       37
                                      1987
                                      1950
  AVERAGE         65                        59      6       58

PRECIPITATION (IN)
  YESTERDAY        0.13          2.14 1935   0.16  -0.03     0.00
  MONTH TO DATE    4.23                      5.23  -1.00     4.72
  SINCE MAR 1      4.23                      5.23  -1.00     4.72
  SINCE JAN 1     12.93                     14.60  -1.67    11.65

SNOWFALL (IN)
  YESTERDAY        0.0                       0.0    0.0      0.0
  MONTH TO DATE    0.1                       0.6   -0.5      0.0
  SINCE MAR 1      0.1                       0.6   -0.5      0.0
  SINCE JUL 1      0.8                       1.4   -0.6      5.0
  SNOW DEPTH       0

DEGREE DAYS
 HEATING
  YESTERDAY        0                         7     -7        7
  MONTH TO DATE  259                       322    -63      373
  SINCE MAR 1    259                       322    -63      373
  SINCE JUL 1   2725                      2512    213     2871

 COOLING
  YESTERDAY        0                         1     -1        0
  MONTH TO DATE    5                        18    -13        0
  SINCE MAR 1      5                        18    -13        0
  SINCE JAN 1      5                        22    -17        3
..................................................................


WIND (MPH)
  HIGHEST WIND SPEED    23   HIGHEST WIND DIRECTION     N (340)
  HIGHEST GUST SPEED    32   HIGHEST GUST DIRECTION     N (350)
  AVERAGE WIND SPEED     5.4


SKY COVER
  AVERAGE SKY COVER 0.6


WEATHER CONDITIONS
 THE FOLLOWING WEATHER WAS RECORDED YESTERDAY.
  THUNDERSTORM
  LIGHT RAIN
  FOG


RELATIVE HUMIDITY (PERCENT)
 HIGHEST   100          1000 PM
 LOWEST     50           200 PM
 AVERAGE    75

..........................................................


THE BIRMINGHAM CLIMATE NORMALS FOR TODAY
                         NORMAL    RECORD    YEAR
 MAXIMUM TEMPERATURE (F)   71        86      1974
 MINIMUM TEMPERATURE (F)   47        27      1987


SUNRISE AND SUNSET
APRIL  1 2015.........SUNRISE   635 AM CDT   SUNSET   707 PM CDT
APRIL  2 2015.........SUNRISE   634 AM CDT   SUNSET   708 PM CDT


-  INDICATES NEGATIVE NUMBERS.
R  INDICATES RECORD WAS SET OR TIED.
MM INDICATES DATA IS MISSING.
T  INDICATES TRACE AMOUNT.




$$
