000
CDUS45 KBYZ 242230
CLIBIL


CLIMATE REPORT
NATIONAL WEATHER SERVICE BILLINGS MT
426 PM MDT FRI APR 24 2015


...................................

...THE BILLINGS MT CLIMATE SUMMARY FOR APRIL 24 2015...
VALID TODAY AS OF 0400 PM LOCAL TIME.

CLIMATE NORMAL PERIOD 1981 TO 2010
CLIMATE RECORD PERIOD 1934 TO 2015


WEATHER ITEM   OBSERVED TIME   RECORD YEAR NORMAL DEPARTURE LAST
                VALUE   (LST)  VALUE       VALUE  FROM      YEAR
                                                  NORMAL
..................................................................
TEMPERATURE (F)
 TODAY
  MAXIMUM         71    259 PM  86    2012  60     11       61
  MINIMUM         44    400 AM  22    1967  37      7       38
  AVERAGE         58                        49      9       50

PRECIPITATION (IN)
  TODAY            0.00          0.61 1971   0.06  -0.06      T
  MONTH TO DATE    1.13                      1.28  -0.15     0.26
  SINCE OCT 1      4.37                      5.61  -1.24     9.55
  SINCE JAN 1      2.80                      3.30  -0.50     4.66

SNOWFALL (IN)
  TODAY            0.0           2.9  1960   0.2   -0.2      0.0
  MONTH TO DATE    5.9                       7.1   -1.2      0.6
  SINCE MAR 1     11.3                      17.3   -6.0     11.2
  SINCE JUL 1     55.4                      51.8    3.6    101.4
  SNOW DEPTH       0

DEGREE DAYS
 HEATING
  TODAY            7                        16     -9       15
  MONTH TO DATE  427                       475    -48      444
  SINCE MAR 1    983                      1320   -337     1411
  SINCE JUL 1   5624                      6285   -661     6684

 COOLING
  TODAY            0                         0      0        0
  MONTH TO DATE    0                         0      0        0
  SINCE MAR 1      0                         0      0        0
  SINCE JAN 1      0                         0      0        0
..................................................................


WIND (MPH)
  HIGHEST WIND SPEED    14   HIGHEST WIND DIRECTION     E (70)
  HIGHEST GUST SPEED    17   HIGHEST GUST DIRECTION     E (70)
  AVERAGE WIND SPEED     5.0


SKY COVER
  POSSIBLE SUNSHINE  MM
  AVERAGE SKY COVER 0.5


WEATHER CONDITIONS
 THE FOLLOWING WEATHER WAS RECORDED TODAY.
  NO SIGNIFICANT WEATHER WAS OBSERVED.


RELATIVE HUMIDITY (PERCENT)
 HIGHEST    89           400 AM
 LOWEST     20           200 PM
 AVERAGE    55

..........................................................


THE BILLINGS MT CLIMATE NORMALS FOR TOMORROW
                         NORMAL    RECORD    YEAR
 MAXIMUM TEMPERATURE (F)   61        84      1974
 MINIMUM TEMPERATURE (F)   37        23      2002
                                             1960


SUNRISE AND SUNSET
APRIL 24 2015.........SUNRISE   613 AM MDT   SUNSET   812 PM MDT
APRIL 25 2015.........SUNRISE   611 AM MDT   SUNSET   814 PM MDT


-  INDICATES NEGATIVE NUMBERS.
R  INDICATES RECORD WAS SET OR TIED.
MM INDICATES DATA IS MISSING.
T  INDICATES TRACE AMOUNT.




$$
