000
CDUS43 KBIS 210041
CLIBIS


CLIMATE REPORT
NATIONAL WEATHER SERVICE BISMARCK ND
741 PM CDT MON APR 20 2015


...................................

...THE BISMARCK ND CLIMATE SUMMARY FOR APRIL 20 2015...
VALID TODAY AS OF 0700 PM LOCAL TIME.

CLIMATE NORMAL PERIOD 1981 TO 2010
CLIMATE RECORD PERIOD 1875 TO 2015


WEATHER ITEM   OBSERVED TIME   RECORD YEAR NORMAL DEPARTURE LAST
                VALUE   (LST)  VALUE       VALUE  FROM      YEAR
                                                  NORMAL
..................................................................
TEMPERATURE (F)
 TODAY
  MAXIMUM         54    304 PM  90    1900  60     -6       78
  MINIMUM         31    646 AM  15    2013  32     -1       32
  AVERAGE         43                        46     -3       55

PRECIPITATION (IN)
  TODAY            0.00          1.00 1921   0.04  -0.04     0.00
  MONTH TO DATE    0.27                      0.75  -0.48     0.25
  SINCE MAR 1      0.72                      1.62  -0.90     1.07
  SINCE JAN 1      1.86                      2.56  -0.70     1.64

SNOWFALL (IN)
  TODAY            0.0           4.6  1899   0.1   -0.1      0.0
  MONTH TO DATE    T                         3.4   -3.4      3.9
  SINCE MAR 1      0.8                      12.5  -11.7     15.0
  SINCE JUL 1     23.7                      50.0  -26.3     40.2
  SNOW DEPTH       0

DEGREE DAYS
 HEATING
  TODAY           22                        19      3       10
  MONTH TO DATE  399                       467    -68      527
  SINCE MAR 1   1288                      1555   -267     1691
  SINCE JUL 1   7649                      7986   -337     8543

 COOLING
  TODAY            0                         0      0        0
  MONTH TO DATE    0                         0      0        0
  SINCE MAR 1      0                         0      0        0
  SINCE JAN 1      0                         0      0        0
..................................................................


WIND (MPH)
  RESULTANT WIND SPEED  20   RESULTANT WIND DIRECTION  NW (320)
  HIGHEST WIND SPEED    37   HIGHEST WIND DIRECTION    NW (320)
  HIGHEST GUST SPEED    50   HIGHEST GUST DIRECTION    NW (320)
  AVERAGE WIND SPEED    20.6


SKY COVER
  POSSIBLE SUNSHINE  MM
  AVERAGE SKY COVER 0.0


WEATHER CONDITIONS
 THE FOLLOWING WEATHER WAS RECORDED TODAY.
  NO SIGNIFICANT WEATHER WAS OBSERVED.


RELATIVE HUMIDITY (PERCENT)
 HIGHEST    69           200 AM
 LOWEST     13           200 PM
 AVERAGE    41

..........................................................


THE BISMARCK ND CLIMATE NORMALS FOR TOMORROW
                         NORMAL    RECORD    YEAR
 MAXIMUM TEMPERATURE (F)   60        93      1980
 MINIMUM TEMPERATURE (F)   33        18      1936


SUNRISE AND SUNSET
APRIL 20 2015.........SUNRISE   647 AM CDT   SUNSET   838 PM CDT
APRIL 21 2015.........SUNRISE   645 AM CDT   SUNSET   839 PM CDT


-  INDICATES NEGATIVE NUMBERS.
R  INDICATES RECORD WAS SET OR TIED.
MM INDICATES DATA IS MISSING.
T  INDICATES TRACE AMOUNT.




$$
