000
CDUS46 KBOI 030931
CLIBKE


CLIMATE REPORT
NATIONAL WEATHER SERVICE BOISE ID
331 AM MDT SUN MAY 3 2015


...................................

...THE BAKER OR CLIMATE SUMMARY FOR MAY 2 2015...

CLIMATE NORMAL PERIOD 1981 TO 2010
CLIMATE RECORD PERIOD 1948 TO 2015


WEATHER ITEM   OBSERVED TIME   RECORD YEAR NORMAL DEPARTURE LAST
                VALUE   (LST)  VALUE       VALUE  FROM      YEAR
                                                  NORMAL
..................................................................
TEMPERATURE (F)
 YESTERDAY
  MAXIMUM         70    151 PM  84    1966  62      8       82
  MINIMUM         36   1118 PM  18    2008  32      4       34
  AVERAGE         53                        47      6       58

PRECIPITATION (IN)
  YESTERDAY        0.00          0.50 2009   0.04  -0.04     0.00
  MONTH TO DATE    0.00                      0.08  -0.08     0.00
  SINCE OCT 1      4.44                      5.64  -1.20     4.44
  SINCE JAN 1      2.24                      3.13  -0.89     3.27

DEGREE DAYS
 HEATING
  YESTERDAY       12                        18     -6        7
  MONTH TO DATE   26                        36    -10       17
  SINCE MAR 1   1392                      1529   -137     1416
  SINCE JUL 1   6068                      7049   -981     6942

 COOLING
  YESTERDAY        0                         0      0        0
  MONTH TO DATE    0                         0      0        0
  SINCE MAR 1      0                         0      0        0
  SINCE JAN 1      0                         0      0        0
..................................................................


WIND (MPH)
  RESULTANT WIND SPEED   8   RESULTANT WIND DIRECTION  NW (310)
  HIGHEST WIND SPEED    23   HIGHEST WIND DIRECTION    NW (330)
  HIGHEST GUST SPEED    28   HIGHEST GUST DIRECTION    NW (320)
  AVERAGE WIND SPEED    10.2


SKY COVER
  AVERAGE SKY COVER 0.0


WEATHER CONDITIONS
 THE FOLLOWING WEATHER WAS RECORDED YESTERDAY.
  NO SIGNIFICANT WEATHER WAS OBSERVED.


RELATIVE HUMIDITY (PERCENT)
 HIGHEST    79           200 AM
 LOWEST     23           200 PM
 AVERAGE    51

..........................................................


THE BAKER OR CLIMATE NORMALS FOR TODAY
                         NORMAL    RECORD    YEAR
 MAXIMUM TEMPERATURE (F)   63        90      1966
 MINIMUM TEMPERATURE (F)   33        22      2001


SUNRISE AND SUNSET
MAY  3 2015...........SUNRISE   538 AM PDT   SUNSET   759 PM PDT
MAY  4 2015...........SUNRISE   537 AM PDT   SUNSET   800 PM PDT


-  INDICATES NEGATIVE NUMBERS.
R  INDICATES RECORD WAS SET OR TIED.
MM INDICATES DATA IS MISSING.
T  INDICATES TRACE AMOUNT.




$$
