000
CDUS45 KBOI 060933
CLIBOI


CLIMATE REPORT
NATIONAL WEATHER SERVICE BOISE ID
332 AM MDT WED MAY 6 2015


...................................

...THE BOISE ID CLIMATE SUMMARY FOR MAY 5 2015...

CLIMATE NORMAL PERIOD 1981 TO 2010
CLIMATE RECORD PERIOD 1878 TO 2015


WEATHER ITEM   OBSERVED TIME   RECORD YEAR NORMAL DEPARTURE LAST
                VALUE   (LST)  VALUE       VALUE  FROM      YEAR
                                                  NORMAL
..................................................................
TEMPERATURE (F)
 YESTERDAY
  MAXIMUM         71    519 PM  94    1966  68      3       63
  MINIMUM         52   1159 PM  22    1982  44      8       46
  AVERAGE         62                        56      6       55

PRECIPITATION (IN)
  YESTERDAY        0.00          0.88 2005   0.04  -0.04     0.00
  MONTH TO DATE    T                         0.23  -0.23     0.01
  SINCE OCT 1      9.20                      8.73   0.47    10.42
  SINCE JAN 1      3.29                      5.08  -1.79     7.51

SNOWFALL (IN)
  YESTERDAY        0.0           T    2010   0.0    0.0      0.0
                                      1984
  MONTH TO DATE    0.0                       0.0    0.0      0.0
  SINCE OCT 1     13.3                      19.2   -5.9     14.4
  SINCE JUL 1     13.3                      19.2   -5.9     14.4
  SNOW DEPTH       0

DEGREE DAYS
 HEATING
  YESTERDAY        3                        10     -7       10
  MONTH TO DATE   10                        52    -42       18
  SINCE MAR 1    884                      1117   -233     1037
  SINCE JUL 1   4479                      5276   -797     5377

 COOLING
  YESTERDAY        0                         1     -1        0
  MONTH TO DATE    2                         4     -2        1
  SINCE MAR 1      2                         7     -5        1
  SINCE JAN 1      2                         7     -5        1
..................................................................


WIND (MPH)
  HIGHEST WIND SPEED    23   HIGHEST WIND DIRECTION     N (340)
  HIGHEST GUST SPEED    30   HIGHEST GUST DIRECTION    NW (330)
  AVERAGE WIND SPEED    12.8


SKY COVER
  POSSIBLE SUNSHINE  MM
  AVERAGE SKY COVER 0.1


WEATHER CONDITIONS
 THE FOLLOWING WEATHER WAS RECORDED YESTERDAY.
  NO SIGNIFICANT WEATHER WAS OBSERVED.


RELATIVE HUMIDITY (PERCENT)
 HIGHEST    47           500 AM
 LOWEST     12           300 PM
 AVERAGE    30

..........................................................


THE BOISE ID CLIMATE NORMALS FOR TODAY
                         NORMAL    RECORD    YEAR
 MAXIMUM TEMPERATURE (F)   69        95      1947
 MINIMUM TEMPERATURE (F)   44        27      1968
                                             1965
                                             1964


SUNRISE AND SUNSET
MAY  6 2015...........SUNRISE   631 AM MDT   SUNSET   853 PM MDT
MAY  7 2015...........SUNRISE   630 AM MDT   SUNSET   854 PM MDT


-  INDICATES NEGATIVE NUMBERS.
R  INDICATES RECORD WAS SET OR TIED.
MM INDICATES DATA IS MISSING.
T  INDICATES TRACE AMOUNT.




$$
