000
CDUS45 KRIW 270759
CLIBPI


CLIMATE REPORT
NATIONAL WEATHER SERVICE RIVERTON WY
155 AM MDT MON APR 27 2015


...................................

...THE BIG PINEY WY CLIMATE SUMMARY FOR APRIL 26 2015...

CLIMATE NORMAL PERIOD 1981 TO 2010
CLIMATE RECORD PERIOD 1976 TO 2015


WEATHER ITEM   OBSERVED TIME   RECORD YEAR NORMAL DEPARTURE LAST
                VALUE   (LST)  VALUE       VALUE  FROM      YEAR
                                                  NORMAL
..................................................................
TEMPERATURE (F)
 YESTERDAY
  MAXIMUM         51    257 PM  71    2001  56     -5       47
  MINIMUM         34    302 AM   9    1984  24     10       32
  AVERAGE         43                        40      3       40

PRECIPITATION (IN)
  YESTERDAY        0.18          0.24 2002   0.02   0.16     0.20
  MONTH TO DATE    0.56                      0.43   0.13     0.25
  SINCE MAR 1      0.62                      0.87  -0.25     0.37
  SINCE JAN 1      0.68                      1.53  -0.85     0.41

DEGREE DAYS
 HEATING
  YESTERDAY       22                        25     -3       25
  MONTH TO DATE  713                       738    -25      738
  SINCE MAR 1   1643                      1910   -267     1797
  SINCE JUL 1   7743                      9433  -1690     8741

 COOLING
  YESTERDAY        0                         0      0        0
  MONTH TO DATE    0                         0      0        0
  SINCE MAR 1      0                         0      0        0
  SINCE JAN 1      0                         0      0        0
..................................................................


WIND (MPH)
  HIGHEST WIND SPEED    28   HIGHEST WIND DIRECTION     N (350)
  HIGHEST GUST SPEED    31   HIGHEST GUST DIRECTION     N (350)
  AVERAGE WIND SPEED    13.2


SKY COVER
  POSSIBLE SUNSHINE  MM
  AVERAGE SKY COVER 1.0


WEATHER CONDITIONS
 THE FOLLOWING WEATHER WAS RECORDED YESTERDAY.
  LIGHT RAIN
  FOG


RELATIVE HUMIDITY (PERCENT)
 HIGHEST   100           300 AM
 LOWEST     58           500 PM
 AVERAGE    79

..........................................................


THE BIG PINEY WY CLIMATE NORMALS FOR TODAY
                         NORMAL    RECORD    YEAR
 MAXIMUM TEMPERATURE (F)   56        73      2001
                                             2000
 MINIMUM TEMPERATURE (F)   25        10      1984


SUNRISE AND SUNSET
APRIL 27 2015.........SUNRISE   621 AM MDT   SUNSET   816 PM MDT
APRIL 28 2015.........SUNRISE   620 AM MDT   SUNSET   817 PM MDT


-  INDICATES NEGATIVE NUMBERS.
R  INDICATES RECORD WAS SET OR TIED.
MM INDICATES DATA IS MISSING.
T  INDICATES TRACE AMOUNT.




$$
