000
CDUS43 KGRR 251335
CLIBTL


CLIMATE REPORT
NATIONAL WEATHER SERVICE GRAND RAPIDS, MI
933 AM EDT SAT APR 25 2015


...................................

...THE BATTLE CREEK MI CLIMATE SUMMARY FOR APRIL 25 2015...
VALID AS OF 0900 AM LOCAL TIME.

CLIMATE NORMAL PERIOD 1981 TO 2010
CLIMATE RECORD PERIOD 1998 TO 2015


WEATHER ITEM   OBSERVED TIME   NORMAL DEPARTURE LAST
                VALUE   (LST)  VALUE  FROM      YEAR
                                      NORMAL
......................................................
TEMPERATURE (F)
 TODAY
  MAXIMUM         42    759 AM  64    -22       59
  MINIMUM         41    724 AM  39      2       41
  AVERAGE         42            52    -10       50

PRECIPITATION (IN)
  TODAY            0.01          0.10  -0.09     0.23
  MONTH TO DATE    1.80          2.32  -0.52     1.76
  SINCE MAR 1      2.07          4.23  -2.16     2.72
  SINCE JAN 1      3.08          7.23  -4.15     4.25

DEGREE DAYS
 HEATING
  TODAY           23            14      9       15
  MONTH TO DATE  398           450    -52      455
  SINCE MAR 1   1356          1360     -4     1624
  SINCE JUL 1   6561          6325    236     7078

 COOLING
  TODAY            0             0      0        0
  MONTH TO DATE    0             0      0        0
  SINCE MAR 1      0             0      0        0
  SINCE JAN 1      0             0      0        0
......................................................


WIND (MPH)
  RESULTANT WIND SPEED   7   RESULTANT WIND DIRECTION   E (80)
  HIGHEST WIND SPEED    10   HIGHEST WIND DIRECTION     E (70)
  HIGHEST GUST SPEED    14   HIGHEST GUST DIRECTION     E (90)
  AVERAGE WIND SPEED     7.5


SKY COVER
  AVERAGE SKY COVER 1.0


WEATHER CONDITIONS
 THE FOLLOWING WEATHER WAS RECORDED TODAY.
  LIGHT RAIN


RELATIVE HUMIDITY (PERCENT)
 HIGHEST    86          1200 AM
 LOWEST     82           800 AM
 AVERAGE    84

..........................................................


THE BATTLE CREEK MI CLIMATE NORMALS FOR TOMORROW
                         NORMAL
 MAXIMUM TEMPERATURE (F)   64
 MINIMUM TEMPERATURE (F)   40


SUNRISE AND SUNSET
APRIL 25 2015.........SUNRISE   645 AM EDT   SUNSET   833 PM EDT
APRIL 26 2015.........SUNRISE   644 AM EDT   SUNSET   835 PM EDT


-  INDICATES NEGATIVE NUMBERS.
R  INDICATES RECORD WAS SET OR TIED.
MM INDICATES DATA IS MISSING.
T  INDICATES TRACE AMOUNT.




$$

63
