000
CDUS43 KLMK 070631
CLIBWG


CLIMATE REPORT
NATIONAL WEATHER SERVICE LOUISVILLE KY
230 AM EDT THU MAY 7 2015
...................................

...THE BOWLING GREEN KY CLIMATE SUMMARY FOR MAY 6 2015...

CLIMATE NORMAL PERIOD 1981 TO 2010
CLIMATE RECORD PERIOD 1870 TO 2015


WEATHER ITEM   OBSERVED TIME   RECORD YEAR NORMAL DEPARTURE LAST
                VALUE   (LST)  VALUE       VALUE  FROM      YEAR
                                                  NORMAL
..................................................................
TEMPERATURE (F)
 YESTERDAY
  MAXIMUM         86    331 PM  93    1930  75     11       86
                                      1916
  MINIMUM         58    446 AM  32    1891  52      6       55
  AVERAGE         72                        64      8       71

PRECIPITATION (IN)
  YESTERDAY        0.00          3.22 1984   0.19  -0.19     0.00
  MONTH TO DATE    0.00                      1.10  -1.10      T
  SINCE MAR 1     15.35                      9.85   5.50    10.30
  SINCE JAN 1     21.23                     17.42   3.81    17.47

SNOWFALL (IN)
  YESTERDAY        0.0           0.0    MM   0.0    0.0      0.0
  MONTH TO DATE    0.0                       0.0    0.0      0.0
  SINCE MAR 1      7.2                       1.3    5.9      5.1
  SINCE JUL 1     23.5                       9.1   14.4     10.4
  SNOW DEPTH       0

DEGREE DAYS
 HEATING
  YESTERDAY        0                         4     -4        0
  MONTH TO DATE   16                        25     -9       28
  SINCE MAR 1    728                       796    -68      876
  SINCE JUL 1   4263                      3994    269     4485

 COOLING
  YESTERDAY        7                         2      5        6
  MONTH TO DATE   14                        12      2       12
  SINCE MAR 1     49                        48      1       26
  SINCE JAN 1     49                        48      1       26
..................................................................


WIND (MPH)
  HIGHEST WIND SPEED    12   HIGHEST WIND DIRECTION    SE (120)
  HIGHEST GUST SPEED    15   HIGHEST GUST DIRECTION     W (260)
  AVERAGE WIND SPEED     2.0


SKY COVER
  POSSIBLE SUNSHINE  MM
  AVERAGE SKY COVER 0.4


WEATHER CONDITIONS
 THE FOLLOWING WEATHER WAS RECORDED YESTERDAY.
  FOG


RELATIVE HUMIDITY (PERCENT)
 HIGHEST    90           300 AM
 LOWEST     37           100 PM
 AVERAGE    64

..........................................................


THE BOWLING GREEN KY CLIMATE NORMALS FOR TODAY
                         NORMAL    RECORD    YEAR
 MAXIMUM TEMPERATURE (F)   75        92      1940
                                             1916
                                             1894
 MINIMUM TEMPERATURE (F)   52        32      1891


SUNRISE AND SUNSET
MAY  7 2015...........SUNRISE   545 AM CDT   SUNSET   740 PM CDT
MAY  8 2015...........SUNRISE   544 AM CDT   SUNSET   741 PM CDT


-  INDICATES NEGATIVE NUMBERS.
R  INDICATES RECORD WAS SET OR TIED.
MM INDICATES DATA IS MISSING.
T  INDICATES TRACE AMOUNT.

$$
04
