000
CDUS41 KLWX 032127
CLIBWI


CLIMATE REPORT
NATIONAL WEATHER SERVICE BALTIMORE MD/WASHINGTON DC
527 PM EDT SUN MAY 3 2015


...................................

...THE BALTIMORE MD CLIMATE SUMMARY FOR MAY 3 2015...
VALID TODAY AS OF 0500 PM LOCAL TIME.

CLIMATE NORMAL PERIOD 1981 TO 2010
CLIMATE RECORD PERIOD 1870 TO 2015


WEATHER ITEM   OBSERVED TIME   RECORD YEAR NORMAL DEPARTURE LAST
                VALUE   (LST)  VALUE       VALUE  FROM      YEAR
                                                  NORMAL
..................................................................
TEMPERATURE (F)
 TODAY
  MAXIMUM         81    309 PM  91    1913  70     11       72
  MINIMUM         46    457 AM  34    2005  48     -2       51
                                      1986
  AVERAGE         64                        59      5       62

PRECIPITATION (IN)
  TODAY            0.00          1.39 1934   0.12  -0.12     0.03
  MONTH TO DATE    T                         0.34  -0.34     0.30
  SINCE MAR 1      8.97                      7.43   1.54    13.28
  SINCE JAN 1     15.10                     13.38   1.72    20.57

SNOWFALL (IN)
  TODAY            0.0          MM      MM   0.0    0.0
  MONTH TO DATE    0.0                       0.0    0.0
  SINCE JUL 1     28.7                      20.1    8.6
  SNOW DEPTH       0

DEGREE DAYS
 HEATING
  TODAY            1                         7     -6        3
  MONTH TO DATE   19                        21     -2        8
  SINCE MAR 1   1106                      1041     65     1181
  SINCE JUL 1   4921                      4636    285     4938

 COOLING
  TODAY            0                         1     -1        0
  MONTH TO DATE    0                         3     -3        4
  SINCE MAR 1      5                        17    -12       11
  SINCE JAN 1      5                        17    -12       11
..................................................................


WIND (MPH)
  HIGHEST WIND SPEED    16   HIGHEST WIND DIRECTION    NW (300)
  HIGHEST GUST SPEED    25   HIGHEST GUST DIRECTION    NW (330)
  AVERAGE WIND SPEED     3.9


SKY COVER
  POSSIBLE SUNSHINE  MM
  AVERAGE SKY COVER 0.5


WEATHER CONDITIONS
 THE FOLLOWING WEATHER WAS RECORDED TODAY.
  NO SIGNIFICANT WEATHER WAS OBSERVED.


RELATIVE HUMIDITY (PERCENT)
 HIGHEST    86           500 AM
 LOWEST     23           300 PM
 AVERAGE    55

..........................................................


THE BALTIMORE MD CLIMATE NORMALS FOR TOMORROW
                         NORMAL    RECORD    YEAR
 MAXIMUM TEMPERATURE (F)   71        90      2001
 MINIMUM TEMPERATURE (F)   48        34      1957


SUNRISE AND SUNSET
MAY  3 2015...........SUNRISE   606 AM EDT   SUNSET   801 PM EDT
MAY  4 2015...........SUNRISE   605 AM EDT   SUNSET   802 PM EDT


-  INDICATES NEGATIVE NUMBERS.
R  INDICATES RECORD WAS SET OR TIED.
MM INDICATES DATA IS MISSING.
T  INDICATES TRACE AMOUNT.




$$
