000
CDUS45 KTFX 052218
CLIBZN


CLIMATE REPORT
NATIONAL WEATHER SERVICE GREAT FALLS MT
418 PM MDT TUE MAY 5 2015


...................................

...THE BOZEMAN/GALLATIN FIELD MT CLIMATE SUMMARY FOR MAY 5 2015...
VALID TODAY AS OF 0400 PM LOCAL TIME.

CLIMATE NORMAL PERIOD 1981 TO 2010
CLIMATE RECORD PERIOD 1935 TO 2015


WEATHER ITEM   OBSERVED TIME   RECORD YEAR NORMAL DEPARTURE LAST
                VALUE   (LST)  VALUE       VALUE  FROM      YEAR
                                                  NORMAL
..................................................................
TEMPERATURE (F)
 TODAY
  MAXIMUM         70   1200 PM  84    1966  65      5       60
  MINIMUM         38    303 AM  19    2010  36      2       42
  AVERAGE         54                        51      3       51

PRECIPITATION (IN)
  TODAY            0.00          0.33 1968   0.07  -0.07     0.17
  MONTH TO DATE    0.00                      0.32  -0.32     0.17
  SINCE OCT 1      4.56                      6.15  -1.59     4.60
  SINCE JAN 1      2.63                      3.77  -1.14     3.55

SNOWFALL (IN)
  TODAY            0.0           2.2  1984   0.1   -0.1      0.0
  MONTH TO DATE    0.0                       0.6   -0.6      0.0
  SINCE MAR 1      7.0                      15.8   -8.8      7.3
  SINCE JUL 1     37.4                      38.1   -0.7     32.3
  SNOW DEPTH       0

DEGREE DAYS
 HEATING
  TODAY           11                        14     -3       14
  MONTH TO DATE   61                        75    -14       69
  SINCE MAR 1   1503                      1556    -53     1712
  SINCE JUL 1   7085                      7136    -51     7727

 COOLING
  TODAY            0                         0      0        0
  MONTH TO DATE    0                         0      0        0
  SINCE MAR 1      0                         0      0        0
  SINCE JAN 1      0                         0      0        0
..................................................................


WIND (MPH)
  HIGHEST WIND SPEED    24   HIGHEST WIND DIRECTION     S (200)
  HIGHEST GUST SPEED    30   HIGHEST GUST DIRECTION     S (200)
  AVERAGE WIND SPEED     6.8


SKY COVER
  AVERAGE SKY COVER 0.3


WEATHER CONDITIONS
 THE FOLLOWING WEATHER WAS RECORDED TODAY.
  HAZE


RELATIVE HUMIDITY (PERCENT)
 HIGHEST    85           400 AM
 LOWEST     31          1200 PM
 AVERAGE    58

..........................................................


THE BOZEMAN/GALLATIN FIELD MT CLIMATE NORMALS FOR TOMORROW
                         NORMAL    RECORD    YEAR
 MAXIMUM TEMPERATURE (F)   66        86      1992
 MINIMUM TEMPERATURE (F)   36        20      1999
                                             1968


SUNRISE AND SUNSET
MAY  5 2015...........SUNRISE   606 AM MDT   SUNSET   837 PM MDT
MAY  6 2015...........SUNRISE   605 AM MDT   SUNSET   838 PM MDT


-  INDICATES NEGATIVE NUMBERS.
R  INDICATES RECORD WAS SET OR TIED.
MM INDICATES DATA IS MISSING.
T  INDICATES TRACE AMOUNT.




$$
