000
CDUS45 KABQ 250828
CLICAO


CLIMATE REPORT
NATIONAL WEATHER SERVICE ALBUQUERQUE NM
227 AM MDT SAT APR 25 2015


...................................

...THE CLAYTON  NM CLIMATE SUMMARY FOR APRIL 24 2015...

CLIMATE NORMAL PERIOD 1981 TO 2010
CLIMATE RECORD PERIOD 1896 TO 2015


WEATHER ITEM   OBSERVED TIME   RECORD YEAR NORMAL DEPARTURE
                VALUE   (LST)  VALUE       VALUE  FROM
                                                  NORMAL
...............................................................
TEMPERATURE (F)
 YESTERDAY
  MAXIMUM         71   1208 PM  92    2012  70      1
  MINIMUM         45   1153 PM  19    2013  40      5
  AVERAGE         58                        55      3

PRECIPITATION (IN)
  YESTERDAY        T             2.19 1919   0.04  -0.04
  MONTH TO DATE    0.58                      0.72  -0.14
  SINCE MAR 1      0.99                      1.67  -0.68
  SINCE JAN 1      4.01                      2.29   1.72

SNOWFALL (IN)
  YESTERDAY       MM
  MONTH TO DATE    0.0
  SINCE MAR 1      0.9
  SINCE JUL 1     26.1

DEGREE DAYS
 HEATING
  YESTERDAY        7                        10     -3
  MONTH TO DATE  245                       328    -83
  SINCE MAR 1    752                       972   -220
  SINCE JUL 1   4195                      4649   -454

 COOLING
  YESTERDAY        0                         0      0
  MONTH TO DATE    0                         0      0
  SINCE MAR 1      0                         1     -1
  SINCE JAN 1      0                         1     -1
...............................................................


WIND (MPH)
  HIGHEST WIND SPEED    25   HIGHEST WIND DIRECTION     S (200)
  HIGHEST GUST SPEED    33   HIGHEST GUST DIRECTION     W (260)
  AVERAGE WIND SPEED    11.7


SKY COVER
  AVERAGE SKY COVER 0.2


WEATHER CONDITIONS
 THE FOLLOWING WEATHER WAS RECORDED YESTERDAY.
  THUNDERSTORM
  LIGHT RAIN


RELATIVE HUMIDITY (PERCENT)
 HIGHEST    44           200 AM
 LOWEST     22           900 AM
 AVERAGE    33

..........................................................


THE CLAYTON  NM CLIMATE NORMALS FOR TODAY
                         NORMAL    RECORD    YEAR
 MAXIMUM TEMPERATURE (F)   70        90      2012
 MINIMUM TEMPERATURE (F)   41        22      1950


SUNRISE AND SUNSET
APRIL 25 2015.........SUNRISE   606 AM MDT   SUNSET   735 PM MDT
APRIL 26 2015.........SUNRISE   605 AM MDT   SUNSET   736 PM MDT


-  INDICATES NEGATIVE NUMBERS.
R  INDICATES RECORD WAS SET OR TIED.
MM INDICATES DATA IS MISSING.
T  INDICATES TRACE AMOUNT.




$$
