000
CDUS45 KSLC 020022
CLICDC


CLIMATE REPORT
NATIONAL WEATHER SERVICE SALT LAKE CITY UT
621 PM MDT WED APR 1 2015


...................................

...THE CEDAR CITY UT CLIMATE SUMMARY FOR APRIL 1 2015...
VALID TODAY AS OF 0500 PM LOCAL TIME.

CLIMATE NORMAL PERIOD 1981 TO 2010
CLIMATE RECORD PERIOD 1928 TO 2015


WEATHER ITEM   OBSERVED TIME   RECORD YEAR NORMAL DEPARTURE LAST
                VALUE   (LST)  VALUE       VALUE  FROM      YEAR
                                                  NORMAL
..................................................................
TEMPERATURE (F)
 TODAY
  MAXIMUM         60    324 PM  76    2011  58      2       49
  MINIMUM         38    634 AM  12    1999  28     10       35
  AVERAGE         49                        43      6       42

PRECIPITATION (IN)
  TODAY            0.00          0.52 1949   0.04  -0.04      T
  MONTH TO DATE    0.00                      0.04  -0.04      T
  SINCE OCT 1      5.18                      6.36  -1.18     3.30
  SINCE JAN 1      3.05                      3.25  -0.20     1.36

DEGREE DAYS
 HEATING
  TODAY           16                        22     -6       23
  MONTH TO DATE   16                        22     -6       23
  SINCE MAR 1    657                       794   -137      753
  SINCE JUL 1   4495                      5356   -861     5340

 COOLING
  TODAY            0                         0      0        0
  MONTH TO DATE    0                         0      0        0
  SINCE MAR 1      0                         0      0        0
  SINCE JAN 1      0                         0      0        0
..................................................................


WIND (MPH)
  RESULTANT WIND SPEED   5   RESULTANT WIND DIRECTION   N (340)
  HIGHEST WIND SPEED    20   HIGHEST WIND DIRECTION     W (260)
  HIGHEST GUST SPEED    35   HIGHEST GUST DIRECTION     W (270)
  AVERAGE WIND SPEED     8.8



WEATHER CONDITIONS
 THE FOLLOWING WEATHER WAS RECORDED TODAY.
  HAZE


RELATIVE HUMIDITY (PERCENT)
 HIGHEST    51           700 AM
 LOWEST     18           300 PM
 AVERAGE    35

..........................................................


THE CEDAR CITY UT CLIMATE NORMALS FOR TOMORROW
                         NORMAL    RECORD    YEAR
 MAXIMUM TEMPERATURE (F)   58        76      1959
 MINIMUM TEMPERATURE (F)   28         6      1975


SUNRISE AND SUNSET
APRIL  1 2015.........SUNRISE   718 AM MDT   SUNSET   755 PM MDT
APRIL  2 2015.........SUNRISE   717 AM MDT   SUNSET   756 PM MDT


-  INDICATES NEGATIVE NUMBERS.
R  INDICATES RECORD WAS SET OR TIED.
MM INDICATES DATA IS MISSING.
T  INDICATES TRACE AMOUNT.




$$
