000
CDUS43 KPAH 060648
CLICGI


CLIMATE REPORT
NATIONAL WEATHER SERVICE PADUCAH KY
143 AM CDT WED MAY 6 2015


...................................

...THE CAPE GIRARDEAU MO CLIMATE SUMMARY FOR MAY 5 2015...

CLIMATE NORMAL PERIOD 1981 TO 2010
CLIMATE RECORD PERIOD 1960 TO 2015


WEATHER ITEM   OBSERVED TIME   RECORD YEAR NORMAL DEPARTURE LAST
                VALUE   (LST)  VALUE       VALUE  FROM      YEAR
                                                  NORMAL
..................................................................
TEMPERATURE (F)
 YESTERDAY
  MAXIMUM         84   1157 AM  91    2012  75      9       85
  MINIMUM         56    504 AM  39    2005  52      4       61
  AVERAGE         70                        64      6

PRECIPITATION (IN)
  YESTERDAY        T             0.96 1961   0.20  -0.20     0.00
  MONTH TO DATE    T                         0.97  -0.97     0.00
  SINCE MAR 1     12.96                      9.73   3.23    10.32
  SINCE JAN 1     19.48                     16.61   2.87    13.46

DEGREE DAYS
 HEATING
  YESTERDAY        0                         4     -4        0
  MONTH TO DATE   17                        20     -3       28
  SINCE MAR 1    794                       841    -47      966
  SINCE JUL 1   4572                      4338    234     4891

 COOLING
  YESTERDAY        5                         2      3        8
  MONTH TO DATE   15                        10      5       11
  SINCE MAR 1     43                        41      2       22
  SINCE JAN 1     43                        41      2       22
..................................................................


WIND (MPH)
  HIGHEST WIND SPEED    16   HIGHEST WIND DIRECTION     W (260)
  HIGHEST GUST SPEED    20   HIGHEST GUST DIRECTION    SW (230)
  AVERAGE WIND SPEED     5.2


SKY COVER
  AVERAGE SKY COVER 0.3


WEATHER CONDITIONS
 THE FOLLOWING WEATHER WAS RECORDED YESTERDAY.
  NO SIGNIFICANT WEATHER WAS OBSERVED.


RELATIVE HUMIDITY (PERCENT)
 HIGHEST    93
 LOWEST     46
 AVERAGE    70

..........................................................


THE CAPE GIRARDEAU MO CLIMATE NORMALS FOR TODAY
                         NORMAL    RECORD    YEAR
 MAXIMUM TEMPERATURE (F)   75        93      2012
 MINIMUM TEMPERATURE (F)   53        38      1968


SUNRISE AND SUNSET
MAY  6 2015...........SUNRISE   558 AM CDT   SUNSET   752 PM CDT
MAY  7 2015...........SUNRISE   557 AM CDT   SUNSET   753 PM CDT


-  INDICATES NEGATIVE NUMBERS.
R  INDICATES RECORD WAS SET OR TIED.
MM INDICATES DATA IS MISSING.
T  INDICATES TRACE AMOUNT.




$$
