000
CDUS42 KCHS 190538
CLICHS


CLIMATE REPORT
NATIONAL WEATHER SERVICE CHARLESTON SC
138 AM EDT SUN APR 19 2015


...................................

...THE NORTH CHARLESTON SC CLIMATE SUMMARY FOR APRIL 18 2015...

CLIMATE NORMAL PERIOD 1981 TO 2010
CLIMATE RECORD PERIOD 1938 TO 2015


WEATHER ITEM   OBSERVED TIME   RECORD YEAR NORMAL DEPARTURE LAST
                VALUE   (LST)  VALUE       VALUE  FROM      YEAR
                                                  NORMAL
..................................................................
TEMPERATURE (F)
 YESTERDAY
  MAXIMUM         76    329 PM  92    1967  77     -1       71
  MINIMUM         66    442 AM  35    2001  54     12       55
  AVERAGE         71                        65      6       63

PRECIPITATION (IN)
  YESTERDAY        0.45          2.37 2014   0.10   0.35     2.37
  MONTH TO DATE    1.53                      1.76  -0.23     3.94
  SINCE MAR 1      3.79                      5.47  -1.68     8.87
  SINCE JAN 1     11.72                     12.14  -0.42    13.72

SNOWFALL (IN)
  YESTERDAY        0.0                       0.0    0.0
  SINCE MAR 1      0.0                       0.0    0.0
  SINCE JUL 1      T                         0.5   -0.5

DEGREE DAYS
 HEATING
  YESTERDAY        0                         3     -3        2
  MONTH TO DATE   14                        68    -54       28
  SINCE MAR 1    197                       307   -110      342
  SINCE JUL 1   1934                      1943     -9     1865

 COOLING
  YESTERDAY        6                         3      3        0
  MONTH TO DATE   92                        40     52       63
  SINCE MAR 1    125                        67     58       72
  SINCE JAN 1    129                        74     55       82
..................................................................


WIND (MPH)
  HIGHEST WIND SPEED    13   HIGHEST WIND DIRECTION    SE (130)
  HIGHEST GUST SPEED    15   HIGHEST GUST DIRECTION    SE (120)
  AVERAGE WIND SPEED     3.8


SKY COVER
  POSSIBLE SUNSHINE  MM
  AVERAGE SKY COVER 0.8


WEATHER CONDITIONS
 THE FOLLOWING WEATHER WAS RECORDED YESTERDAY.
  HEAVY RAIN
  RAIN
  LIGHT RAIN
  FOG
  HAZE


RELATIVE HUMIDITY (PERCENT)
 HIGHEST   100           300 AM
 LOWEST     74          1100 AM
 AVERAGE    87

..........................................................


THE NORTH CHARLESTON SC CLIMATE NORMALS FOR TODAY
                         NORMAL    RECORD    YEAR
 MAXIMUM TEMPERATURE (F)   77        91      1995
 MINIMUM TEMPERATURE (F)   54        35      1983


SUNRISE AND SUNSET
APRIL 19 2015.........SUNRISE   646 AM EDT   SUNSET   753 PM EDT
APRIL 20 2015.........SUNRISE   645 AM EDT   SUNSET   754 PM EDT


-  INDICATES NEGATIVE NUMBERS.
R  INDICATES RECORD WAS SET OR TIED.
MM INDICATES DATA IS MISSING.
T  INDICATES TRACE AMOUNT.




$$
