000
CDUS43 KDVN 062120
CLICID


CLIMATE REPORT
NATIONAL WEATHER SERVICE QUAD CITIES IA IL
420 PM CDT WED MAY 6 2015


...................................

...THE CEDAR RAPIDS IA CLIMATE SUMMARY FOR MAY 6 2015...
VALID TODAY AS OF 0400 PM LOCAL TIME.

CLIMATE NORMAL PERIOD 1981 TO 2010
CLIMATE RECORD PERIOD 1891 TO 2015


WEATHER ITEM   OBSERVED TIME   RECORD YEAR NORMAL DEPARTURE LAST
                VALUE   (LST)  VALUE       VALUE  FROM      YEAR
                                                  NORMAL
..................................................................
TEMPERATURE (F)
 TODAY
  MAXIMUM         81    204 PM 100    1896  68     13       72
  MINIMUM         56    617 AM  30    1989  45     11       42
  AVERAGE         69                        57     12       57

PRECIPITATION (IN)
  TODAY            T            MM      MM   0.13  -0.13     0.00
  MONTH TO DATE    1.10                      0.79   0.31     0.02
  SINCE MAR 1      5.34                      5.94  -0.60     7.28
  SINCE JAN 1      6.67                      8.08  -1.41     9.03

DEGREE DAYS
 HEATING
  TODAY            0                         9     -9        8
  MONTH TO DATE    2                        57    -55       73
  SINCE MAR 1   1293                      1419   -126     1660
  SINCE JUL 1   6820                      6702    118     7699

 COOLING
  TODAY            4                         1      3        0
  MONTH TO DATE    5                         1      4        0
  SINCE MAR 1      5                         8     -3        7
  SINCE JAN 1      5                         8     -3        7
..................................................................


WIND (MPH)
  HIGHEST WIND SPEED    37   HIGHEST WIND DIRECTION     S (190)
  HIGHEST GUST SPEED    47   HIGHEST GUST DIRECTION     S (180)
  AVERAGE WIND SPEED    14.5


SKY COVER
  POSSIBLE SUNSHINE  MM
  AVERAGE SKY COVER 0.6


WEATHER CONDITIONS
 THE FOLLOWING WEATHER WAS RECORDED TODAY.
  THUNDERSTORM
  RAIN
  FOG
  FOG W/VISIBILITY <= 1/4 MILE
  HAZE


RELATIVE HUMIDITY (PERCENT)
 HIGHEST   100          1200 AM
 LOWEST     45          1200 PM
 AVERAGE    73

..........................................................


THE CEDAR RAPIDS IA CLIMATE NORMALS FOR TOMORROW
                         NORMAL    RECORD    YEAR
 MAXIMUM TEMPERATURE (F)   69        98      1896
 MINIMUM TEMPERATURE (F)   46        24      1925


SUNRISE AND SUNSET
MAY  6 2015...........SUNRISE   557 AM CDT   SUNSET   811 PM CDT
MAY  7 2015...........SUNRISE   556 AM CDT   SUNSET   812 PM CDT


-  INDICATES NEGATIVE NUMBERS.
R  INDICATES RECORD WAS SET OR TIED.
MM INDICATES DATA IS MISSING.
T  INDICATES TRACE AMOUNT.




$$
