000
CDUS42 KGSP 040636
CLICLT

CLIMATE REPORT
NATIONAL WEATHER SERVICE GREENVILLE-SPARTANBURG SC
234 AM EDT MON MAY 4 2015

...................................

...THE CHARLOTTE NC CLIMATE SUMMARY FOR MAY 3 2015...

CLIMATE NORMAL PERIOD 1981 TO 2010
CLIMATE RECORD PERIOD 1878 TO 2015


WEATHER ITEM   OBSERVED TIME   RECORD YEAR NORMAL DEPARTURE LAST
                VALUE   (LST)  VALUE       VALUE  FROM      YEAR
                                                  NORMAL
..................................................................
TEMPERATURE (F)
 YESTERDAY
  MAXIMUM         80    206 PM  94    1902  76      4       76
  MINIMUM         46    533 AM  39    1981  52     -6       46
  AVERAGE         63                        64     -1       61

PRECIPITATION (IN)
  YESTERDAY        0.00          3.67 1975   0.10  -0.10     0.00
  MONTH TO DATE    0.00                      0.29  -0.29     0.00
  SINCE MAR 1      8.33                      7.34   0.99    11.82
  SINCE JAN 1     14.15                     14.07   0.08    18.74

SNOWFALL (IN)
  YESTERDAY        0.0           0.0    MM   0.0    0.0      0.0
  MONTH TO DATE    0.0                       0.0    0.0      0.0
  SINCE MAR 1      0.0                       0.6   -0.6       T
  SINCE JUL 1      3.1                       4.3   -1.2      9.3
  SNOW DEPTH       0

DEGREE DAYS
 HEATING
  YESTERDAY        2                         3     -1        4
  MONTH TO DATE   14                        10      4       11
  SINCE MAR 1    482                       643   -161      697
  SINCE JUL 1   3253                      3342    -89     3373

 COOLING
  YESTERDAY        0                         2     -2        0
  MONTH TO DATE    0                         6     -6        1
  SINCE MAR 1     63                        43     20       39
  SINCE JAN 1     63                        43     20       40
..................................................................


WIND (MPH)
  HIGHEST WIND SPEED    13   HIGHEST WIND DIRECTION    SW (210)
  HIGHEST GUST SPEED    20   HIGHEST GUST DIRECTION     W (260)
  AVERAGE WIND SPEED     4.1


SKY COVER
  POSSIBLE SUNSHINE  MM
  AVERAGE SKY COVER 0.4


WEATHER CONDITIONS
 THE FOLLOWING WEATHER WAS RECORDED YESTERDAY.
  NO SIGNIFICANT WEATHER WAS OBSERVED.


RELATIVE HUMIDITY (PERCENT)
 HIGHEST    86           600 AM
 LOWEST     28           400 PM
 AVERAGE    57

..........................................................


THE CHARLOTTE NC CLIMATE NORMALS FOR TODAY
                         NORMAL    RECORD    YEAR
 MAXIMUM TEMPERATURE (F)   76        92      1959
                                             1938
                                             1928
 MINIMUM TEMPERATURE (F)   52        34      1971


SUNRISE AND SUNSET
MAY  4 2015...........SUNRISE   630 AM EDT   SUNSET   812 PM EDT
MAY  5 2015...........SUNRISE   629 AM EDT   SUNSET   813 PM EDT


-  INDICATES NEGATIVE NUMBERS.
R  INDICATES RECORD WAS SET OR TIED.
MM INDICATES DATA IS MISSING.
T  INDICATES TRACE AMOUNT.

$$
