000
CDUS43 KLSX 060732
CLICOU


CLIMATE REPORT
NATIONAL WEATHER SERVICE ST LOUIS MO
231 AM CDT WED MAY 6 2015


...................................

...THE COLUMBIA ASOS CLIMATE SUMMARY FOR MAY 5 2015...

CLIMATE NORMAL PERIOD 1981 TO 2010
CLIMATE RECORD PERIOD 1890 TO 2015


WEATHER ITEM   OBSERVED TIME   RECORD YEAR NORMAL DEPARTURE LAST
                VALUE   (LST)  VALUE       VALUE  FROM      YEAR
                                                  NORMAL
..................................................................
TEMPERATURE (F)
 YESTERDAY
  MAXIMUM         82    150 PM  93    1952  72     10       88
                                      1909
  MINIMUM         62    556 AM  35    1944  50     12       56
                                      1917
  AVERAGE         72                        61     11       72

PRECIPITATION (IN)
  YESTERDAY        0.12          1.82 1961   0.18  -0.06     0.00
  MONTH TO DATE    0.12                      0.85  -0.73      T
  SINCE MAR 1      4.95                      8.25  -3.30     9.51
  SINCE JAN 1      7.30                     12.42  -5.12    11.77

SNOWFALL (IN)
  YESTERDAY        0.0           T    1944   0.0    0.0      0.0
  MONTH TO DATE    0.0                       0.0    0.0      0.0
  SINCE MAR 1      1.6                       1.9   -0.3      0.5
  SINCE JUL 1     12.0                      18.0   -6.0     17.8
  SNOW DEPTH       0

DEGREE DAYS
 HEATING
  YESTERDAY        0                         5     -5        0
  MONTH TO DATE    9                        28    -19       30
  SINCE MAR 1    813                       985   -172     1060
  SINCE JUL 1   4868                      4931    -63     5489

 COOLING
  YESTERDAY        7                         1      6        7
  MONTH TO DATE   19                         5     14       11
  SINCE MAR 1     34                        30      4       22
  SINCE JAN 1     34                        30      4       22
..................................................................


WIND (MPH)
  HIGHEST WIND SPEED    23   HIGHEST WIND DIRECTION     S (200)
  HIGHEST GUST SPEED    28   HIGHEST GUST DIRECTION     S (200)
  AVERAGE WIND SPEED     7.7


SKY COVER
  AVERAGE SKY COVER 0.3


WEATHER CONDITIONS
 THE FOLLOWING WEATHER WAS RECORDED YESTERDAY.
  THUNDERSTORM


RELATIVE HUMIDITY (PERCENT)
 HIGHEST    84
 LOWEST     45
 AVERAGE    65

..........................................................


THE COLUMBIA ASOS CLIMATE NORMALS FOR TODAY
                         NORMAL    RECORD    YEAR
 MAXIMUM TEMPERATURE (F)   72        90      1896
 MINIMUM TEMPERATURE (F)   51        32      1891


SUNRISE AND SUNSET
MAY  6 2015...........SUNRISE   606 AM CDT   SUNSET   806 PM CDT
MAY  7 2015...........SUNRISE   605 AM CDT   SUNSET   807 PM CDT


-  INDICATES NEGATIVE NUMBERS.
R  INDICATES RECORD WAS SET OR TIED.
MM INDICATES DATA IS MISSING.
T  INDICATES TRACE AMOUNT.




$$
