000
CDUS45 KRIW 070736
CLICPR


CLIMATE REPORT
NATIONAL WEATHER SERVICE RIVERTON WY
136 AM MDT THU MAY 7 2015


...................................

...THE CASPER WY CLIMATE SUMMARY FOR MAY 6 2015...

CLIMATE NORMAL PERIOD 1981 TO 2010
CLIMATE RECORD PERIOD 1939 TO 2015


WEATHER ITEM   OBSERVED TIME   RECORD YEAR NORMAL DEPARTURE LAST
                VALUE   (LST)  VALUE       VALUE  FROM      YEAR
                                                  NORMAL
..................................................................
TEMPERATURE (F)
 YESTERDAY
  MAXIMUM         57   1243 PM  86    1992  64     -7       66
                                      1966
  MINIMUM         39   1159 PM  20    2010  34      5       38
  AVERAGE         48                        49     -1       52

PRECIPITATION (IN)
  YESTERDAY        0.30          0.43 1975   0.06   0.24      T
  MONTH TO DATE    0.37                      0.37   0.00      T
  SINCE MAR 1      2.67                      2.48   0.19     2.79
  SINCE JAN 1      3.98                      3.56   0.42     4.27

SNOWFALL (IN)
  YESTERDAY        0.0                       0.2   -0.2      0.0
  MONTH TO DATE    0.0                       1.2   -1.2      0.0
  SINCE MAR 1     14.0                      23.7   -9.7     24.5
  SINCE JUL 1     65.4                      73.1   -7.7     90.7
  SNOW DEPTH       0

DEGREE DAYS
 HEATING
  YESTERDAY       17                        16      1       13
  MONTH TO DATE   80                       101    -21       67
  SINCE MAR 1   1481                      1695   -214     1639
  SINCE JUL 1   6532                      7143   -611     7403

 COOLING
  YESTERDAY        0                         0      0        0
  MONTH TO DATE    0                         0      0        0
  SINCE MAR 1      0                         0      0        0
  SINCE JAN 1      0                         0      0        0
..................................................................


WIND (MPH)
  HIGHEST WIND SPEED    24   HIGHEST WIND DIRECTION    NE (40)
  HIGHEST GUST SPEED    31   HIGHEST GUST DIRECTION    NE (30)
  AVERAGE WIND SPEED     9.4


SKY COVER
  POSSIBLE SUNSHINE  MM
  AVERAGE SKY COVER 0.9


WEATHER CONDITIONS
 THE FOLLOWING WEATHER WAS RECORDED YESTERDAY.
  RAIN
  LIGHT RAIN
  FOG


RELATIVE HUMIDITY (PERCENT)
 HIGHEST    93           400 AM
 LOWEST     61           100 PM
 AVERAGE    77

..........................................................


THE CASPER WY CLIMATE NORMALS FOR TODAY
                         NORMAL    RECORD    YEAR
 MAXIMUM TEMPERATURE (F)   64        85      1992
 MINIMUM TEMPERATURE (F)   35        21      2010


SUNRISE AND SUNSET
MAY  7 2015...........SUNRISE   552 AM MDT   SUNSET   813 PM MDT
MAY  8 2015...........SUNRISE   551 AM MDT   SUNSET   814 PM MDT


-  INDICATES NEGATIVE NUMBERS.
R  INDICATES RECORD WAS SET OR TIED.
MM INDICATES DATA IS MISSING.
T  INDICATES TRACE AMOUNT.




$$
