000
CDUS42 KILM 180841
CLICRE


CLIMATE REPORT
NATIONAL WEATHER SERVICE WILMINGTON NC
441 AM EDT SAT APR 18 2015


...................................

...THE NORTH MYRTLE BEACH SC CLIMATE SUMMARY FOR APRIL 17 2015...

CLIMATE NORMAL PERIOD 1981 TO 2010
CLIMATE RECORD PERIOD 1949 TO 2015


WEATHER ITEM   OBSERVED TIME   RECORD YEAR NORMAL DEPARTURE LAST
                VALUE   (LST)  VALUE       VALUE  FROM      YEAR
                                                  NORMAL
..................................................................
TEMPERATURE (F)
 YESTERDAY
  MAXIMUM         74    442 PM  88    1995  72      2       68
  MINIMUM         66   1158 PM  32    1950  52     14       39
  AVERAGE         70                        62      8       54

PRECIPITATION (IN)
  YESTERDAY        0.01                      0.08  -0.07     0.00
  MONTH TO DATE    1.32                      1.75  -0.43     0.63
  SINCE MAR 1      3.75                      5.67  -1.92     5.37
  SINCE JAN 1     10.94                     12.78  -1.84     9.49

SNOWFALL (IN)
  YESTERDAY       MM
  MONTH TO DATE   MM
  SINCE MAR 1     MM
  SINCE JUL 1     MM
  SNOW DEPTH      MM

DEGREE DAYS
 HEATING
  YESTERDAY        0                         4     -4       11
  MONTH TO DATE   30                       101    -71       68
  SINCE MAR 1    330                       439   -109      516
  SINCE JUL 1   2385                      2383      2     2540

 COOLING
  YESTERDAY        5                         1      4        0
  MONTH TO DATE   30                        13     17       15
  SINCE MAR 1     37                        16     21       15
  SINCE JAN 1     38                        16     22       15
..................................................................


WIND (MPH)
  HIGHEST WIND SPEED    13   HIGHEST WIND DIRECTION     E (80)
  HIGHEST GUST SPEED    17   HIGHEST GUST DIRECTION     E (90)
  AVERAGE WIND SPEED     5.8


SKY COVER
  POSSIBLE SUNSHINE  MM
  AVERAGE SKY COVER 0.8


WEATHER CONDITIONS
 THE FOLLOWING WEATHER WAS RECORDED YESTERDAY.
  LIGHT RAIN
  FOG
  HAZE


RELATIVE HUMIDITY (PERCENT)
 HIGHEST    93          1200 AM
 LOWEST     79          1200 PM
 AVERAGE    86

..........................................................


THE NORTH MYRTLE BEACH SC CLIMATE NORMALS FOR TODAY
                         NORMAL    RECORD    YEAR
 MAXIMUM TEMPERATURE (F)   72        82      2002
 MINIMUM TEMPERATURE (F)   53        35      2001


SUNRISE AND SUNSET
APRIL 18 2015.........SUNRISE   641 AM EDT   SUNSET   748 PM EDT
APRIL 19 2015.........SUNRISE   640 AM EDT   SUNSET   749 PM EDT


-  INDICATES NEGATIVE NUMBERS.
R  INDICATES RECORD WAS SET OR TIED.
MM INDICATES DATA IS MISSING.
T  INDICATES TRACE AMOUNT.




$$
