000
CDUS44 KCRP 060841
CLICRP

CLIMATE REPORT
NATIONAL WEATHER SERVICE CORPUS CHRISTI TX
340 AM CDT WED MAY 6 2015


...................................

...THE CORPUS CHRISTI CLIMATE SUMMARY FOR MAY 5 2015...

CLIMATE NORMAL PERIOD 1981 TO 2010
CLIMATE RECORD PERIOD 1887 TO 2015


WEATHER ITEM   OBSERVED TIME   RECORD YEAR NORMAL DEPARTURE LAST
                VALUE   (LST)  VALUE       VALUE  FROM      YEAR
                                                  NORMAL
..................................................................
TEMPERATURE (F)
 YESTERDAY
  MAXIMUM         83    103 PM  96    2003  85     -2       90
  MINIMUM         72    307 AM  50    1970  68      4       62
  AVERAGE         78                        76      2       76

PRECIPITATION (IN)
  YESTERDAY        T             6.57 1926   0.09  -0.09     0.00
  MONTH TO DATE    0.22                      0.42  -0.20     0.08
  SINCE MAR 1     12.71                      4.15   8.56     2.23
  SINCE JAN 1     16.16                      7.62   8.54     3.14

SNOWFALL (IN)
  YESTERDAY        0.0
  MONTH TO DATE    0.0
  SINCE MAR 1      0.0
  SINCE JUL 1      0.0
  SNOW DEPTH       0

DEGREE DAYS
 HEATING
  YESTERDAY        0                         0      0        0
  MONTH TO DATE    0                         0      0        0
  SINCE MAR 1    116                        98     18      146
  SINCE JUL 1   1053                       898    155     1145

 COOLING
  YESTERDAY       13                        11      2       11
  MONTH TO DATE   45                        55    -10       35
  SINCE MAR 1    401                       407     -6      404
  SINCE JAN 1    429                       483    -54      481
..................................................................


WIND (MPH)
  HIGHEST WIND SPEED    31   HIGHEST WIND DIRECTION    SE (150)
  HIGHEST GUST SPEED    38   HIGHEST GUST DIRECTION    SE (150)
  AVERAGE WIND SPEED    19.0


SKY COVER
  POSSIBLE SUNSHINE  MM
  AVERAGE SKY COVER 0.9


WEATHER CONDITIONS
 THE FOLLOWING WEATHER WAS RECORDED YESTERDAY.
  LIGHT RAIN


RELATIVE HUMIDITY (PERCENT)
 HIGHEST    87          1200 AM
 LOWEST     65          1200 PM
 AVERAGE    76

..........................................................


THE CORPUS CHRISTI CLIMATE NORMALS FOR TODAY
                         NORMAL    RECORD    YEAR
 MAXIMUM TEMPERATURE (F)   85        93      2009
 MINIMUM TEMPERATURE (F)   68        52      1944


SUNRISE AND SUNSET
MAY  6 2015...........SUNRISE   647 AM CDT   SUNSET   807 PM CDT
MAY  7 2015...........SUNRISE   646 AM CDT   SUNSET   807 PM CDT


-  INDICATES NEGATIVE NUMBERS.
R  INDICATES RECORD WAS SET OR TIED.
MM INDICATES DATA IS MISSING.
T  INDICATES TRACE AMOUNT.




$$
