000
CDUS41 KRLX 250727
CLICRW


CLIMATE REPORT
NATIONAL WEATHER SERVICE CHARLESTON WV
322 AM EDT SAT APR 25 2015


...................................

...THE CHARLESTON WV CLIMATE SUMMARY FOR APRIL 24 2015...

CLIMATE NORMAL PERIOD 1981 TO 2010
CLIMATE RECORD PERIOD 1901 TO 2015


WEATHER ITEM   OBSERVED TIME   RECORD YEAR NORMAL DEPARTURE LAST
                VALUE   (LST)  VALUE       VALUE  FROM      YEAR
                                                  NORMAL
..................................................................
TEMPERATURE (F)
 YESTERDAY
  MAXIMUM         61    317 PM  91    1915  70     -9       72
  MINIMUM         32    619 AM  29    1986  47    -15       39
                                      1927
  AVERAGE         47                        59    -12       56

PRECIPITATION (IN)
  YESTERDAY        0.00          1.01 1975   0.12  -0.12     0.00
  MONTH TO DATE    5.34                      2.53   2.81     1.49
  SINCE JAN 1     16.31                     12.63   3.68    12.25

SNOWFALL (IN)
  YESTERDAY        0.0
  MONTH TO DATE    0.0
  SINCE SEP 1     29.1
  SNOW DEPTH       0

DEGREE DAYS
 HEATING
  YESTERDAY       18                         8     10        9
  MONTH TO DATE  180                       254    -74      186
  SINCE MAR 1    793                       854    -61      904
  SINCE JUL 1   4698                      4308    390     4671

 COOLING
  YESTERDAY        0                         1     -1        0
  MONTH TO DATE   15                        23     -8       15
  SINCE MAR 1     15                        28    -13       15
  SINCE JAN 1     15                        28    -13       15
..................................................................


WIND (MPH)
  HIGHEST WIND SPEED    15   HIGHEST WIND DIRECTION    SW (220)
  HIGHEST GUST SPEED    19   HIGHEST GUST DIRECTION    NW (320)
  AVERAGE WIND SPEED     3.2


SKY COVER
  POSSIBLE SUNSHINE  MM
  AVERAGE SKY COVER 0.1


WEATHER CONDITIONS
 THE FOLLOWING WEATHER WAS RECORDED YESTERDAY.
  NO SIGNIFICANT WEATHER WAS OBSERVED.


RELATIVE HUMIDITY (PERCENT)
 HIGHEST    78           600 AM
 LOWEST     19           400 PM
 AVERAGE    49

..........................................................


THE CHARLESTON WV CLIMATE NORMALS FOR TODAY
                         NORMAL    RECORD    YEAR
 MAXIMUM TEMPERATURE (F)   71        96      1925
 MINIMUM TEMPERATURE (F)   47        28      1927


SUNRISE AND SUNSET
APRIL 25 2015.........SUNRISE   637 AM EDT   SUNSET   812 PM EDT
APRIL 26 2015.........SUNRISE   636 AM EDT   SUNSET   813 PM EDT


-  INDICATES NEGATIVE NUMBERS.
R  INDICATES RECORD WAS SET OR TIED.
MM INDICATES DATA IS MISSING.
T  INDICATES TRACE AMOUNT.




$$
