000
CDUS42 KFFC 060819
CLICSG


CLIMATE REPORT
NATIONAL WEATHER SERVICE PEACHTREE CITY GA
419 AM EDT WED MAY 6 2015


...................................

...THE COLUMBUS CLIMATE SUMMARY FOR MAY 5 2015...

CLIMATE NORMAL PERIOD 1981 TO 2010
CLIMATE RECORD PERIOD 1948 TO 2015


WEATHER ITEM   OBSERVED TIME   RECORD YEAR NORMAL DEPARTURE LAST
                VALUE   (LST)  VALUE       VALUE  FROM      YEAR
                                                  NORMAL
..................................................................
TEMPERATURE (F)
 YESTERDAY
  MAXIMUM         82    415 PM  93    1959  81      1       89
  MINIMUM         57    540 AM  43    1973  58     -1       56
  AVERAGE         70                        70      0       73

PRECIPITATION (IN)
  YESTERDAY        0.00          0.77 1953   0.11  -0.11     0.00
  MONTH TO DATE    0.00                      0.52  -0.52      T
  SINCE MAR 1      8.93                      9.53  -0.60    14.70
  SINCE JAN 1     16.30                     17.82  -1.52    23.02

DEGREE DAYS
 HEATING
  YESTERDAY        0                         1     -1        0
  MONTH TO DATE    2                         5     -3        5
  SINCE MAR 1    202                       340   -138      396
  SINCE JUL 1   2212                      2117     95     2339

 COOLING
  YESTERDAY        5                         5      0        8
  MONTH TO DATE   11                        25    -14       13
  SINCE MAR 1    160                       125     35       81
  SINCE JAN 1    160                       129     31       84
..................................................................


WIND (MPH)
  HIGHEST WIND SPEED    18   HIGHEST WIND DIRECTION     E (100)
  HIGHEST GUST SPEED    25   HIGHEST GUST DIRECTION     E (90)
  AVERAGE WIND SPEED     5.9


SKY COVER
  AVERAGE SKY COVER 0.1


WEATHER CONDITIONS
 THE FOLLOWING WEATHER WAS RECORDED YESTERDAY.
  NO SIGNIFICANT WEATHER WAS OBSERVED.


RELATIVE HUMIDITY (PERCENT)
 HIGHEST    84           700 AM
 LOWEST     30           600 PM
 AVERAGE    57

..........................................................


THE COLUMBUS CLIMATE NORMALS FOR TODAY
                         NORMAL    RECORD    YEAR
 MAXIMUM TEMPERATURE (F)   82        93      1952
 MINIMUM TEMPERATURE (F)   59        45      1954


SUNRISE AND SUNSET
MAY  6 2015...........SUNRISE   649 AM EDT   SUNSET   825 PM EDT
MAY  7 2015...........SUNRISE   648 AM EDT   SUNSET   825 PM EDT


-  INDICATES NEGATIVE NUMBERS.
R  INDICATES RECORD WAS SET OR TIED.
MM INDICATES DATA IS MISSING.
T  INDICATES TRACE AMOUNT.




$$
