000
CDUS45 KTFX 260801
CLICTB


CLIMATE REPORT
NATIONAL WEATHER SERVICE GREAT FALLS MT
200 AM MDT SUN APR 26 2015


...................................

...THE CUT BANK MT CLIMATE SUMMARY FOR APRIL 25 2015...

CLIMATE NORMAL PERIOD 1981 TO 2010
CLIMATE RECORD PERIOD 1903 TO 2015


WEATHER ITEM   OBSERVED TIME   RECORD YEAR NORMAL DEPARTURE LAST
                VALUE   (LST)  VALUE       VALUE  FROM      YEAR
                                                  NORMAL
..................................................................
TEMPERATURE (F)
 YESTERDAY
  MAXIMUM         51    212 PM  87    1910  56     -5       58
  MINIMUM         29   1049 PM   0    1935  31     -2       33
  AVERAGE         40                        44     -4       46

PRECIPITATION (IN)
  YESTERDAY        0.00          0.50 1930   0.03  -0.03     0.00
  MONTH TO DATE    0.15                      0.61  -0.46     0.82
  SINCE OCT 1      3.82                      2.54   1.28     3.94
  SINCE JAN 1      1.29                      1.52  -0.23     2.74

SNOWFALL (IN)
  YESTERDAY       MM
  SNOW DEPTH       0

DEGREE DAYS
 HEATING
  YESTERDAY       25                        21      4       19
  MONTH TO DATE  616                       618     -2      580
  SINCE MAR 1   1390                      1656   -266     1802
  SINCE JUL 1   7052                      7716   -664     8008

 COOLING
  YESTERDAY        0                         0      0        0
  MONTH TO DATE    0                         0      0        0
  SINCE MAR 1      0                         0      0        0
  SINCE JAN 1      0                         0      0        0
..................................................................


WIND (MPH)
  HIGHEST WIND SPEED    25   HIGHEST WIND DIRECTION     N (350)
  HIGHEST GUST SPEED    32   HIGHEST GUST DIRECTION     N (350)
  AVERAGE WIND SPEED    13.9


SKY COVER
  AVERAGE SKY COVER 0.2


WEATHER CONDITIONS
 THE FOLLOWING WEATHER WAS RECORDED YESTERDAY.
  NO SIGNIFICANT WEATHER WAS OBSERVED.


RELATIVE HUMIDITY (PERCENT)
 HIGHEST    78          1000 PM
 LOWEST     39           300 PM
 AVERAGE    59

..........................................................


THE CUT BANK MT CLIMATE NORMALS FOR TODAY
                         NORMAL    RECORD    YEAR
 MAXIMUM TEMPERATURE (F)   57        87      1910
 MINIMUM TEMPERATURE (F)   31        15      1960


SUNRISE AND SUNSET
APRIL 26 2015.........SUNRISE   619 AM MDT   SUNSET   837 PM MDT
APRIL 27 2015.........SUNRISE   617 AM MDT   SUNSET   838 PM MDT


-  INDICATES NEGATIVE NUMBERS.
R  INDICATES RECORD WAS SET OR TIED.
MM INDICATES DATA IS MISSING.
T  INDICATES TRACE AMOUNT.




$$
