000
CDUS42 KTAE 272136
CLICTY


CLIMATE REPORT
NATIONAL WEATHER SERVICE TALLAHASSEE FL
536 PM EDT MON APR 27 2015


...................................

...THE CROSS CITY  CLIMATE SUMMARY FOR APRIL 27 2015...
VALID TODAY AS OF 0500 PM LOCAL TIME.

CLIMATE NORMAL PERIOD 1981 TO 2010
CLIMATE RECORD PERIOD 1948 TO 2015


WEATHER ITEM   OBSERVED TIME   NORMAL DEPARTURE LAST
                VALUE   (LST)  VALUE  FROM      YEAR
                                      NORMAL
......................................................
TEMPERATURE (F)
 TODAY
  MAXIMUM         81   1003 AM  83     -2       89
  MINIMUM         72    359 PM  56     16       59
  AVERAGE         77            69      8

PRECIPITATION (IN)
  TODAY            0.03          0.05  -0.02     0.00
  MONTH TO DATE    1.67          2.81  -1.14     3.83
  SINCE MAR 1      3.04          7.02  -3.98     8.79
  SINCE JAN 1      9.01         14.33  -5.32    18.94

DEGREE DAYS
 HEATING
  TODAY            0
  MONTH TO DATE    0
  SINCE MAR 1     52
  SINCE JUL 1   1212

 COOLING
  TODAY           12
  MONTH TO DATE  257
  SINCE MAR 1    413
  SINCE JAN 1    429
......................................................


WIND (MPH)
  RESULTANT WIND SPEED   6   RESULTANT WIND DIRECTION   W (260)
  HIGHEST WIND SPEED    13   HIGHEST WIND DIRECTION     W (260)
  HIGHEST GUST SPEED    16   HIGHEST GUST DIRECTION    SW (240)
  AVERAGE WIND SPEED     6.8



WEATHER CONDITIONS
 THE FOLLOWING WEATHER WAS RECORDED TODAY.
  NO SIGNIFICANT WEATHER WAS OBSERVED.


RELATIVE HUMIDITY (PERCENT)
 HIGHEST    94
 LOWEST     69
 AVERAGE    82

..........................................................


THE CROSS CITY  CLIMATE NORMALS FOR TOMORROW
                         NORMAL
 MAXIMUM TEMPERATURE (F)   83
 MINIMUM TEMPERATURE (F)   56



-  INDICATES NEGATIVE NUMBERS.
R  INDICATES RECORD WAS SET OR TIED.
MM INDICATES DATA IS MISSING.
T  INDICATES TRACE AMOUNT.




$$
