000
CDUS45 KCYS 280728
CLICYS


CLIMATE REPORT
NATIONAL WEATHER SERVICE CHEYENNE WY
128 AM MDT TUE APR 28 2015


...................................

...THE CHEYENNE WYOMING AIRPORT CLIMATE SUMMARY FOR APRIL 27 2015...

CLIMATE NORMAL PERIOD 1981 TO 2010
CLIMATE RECORD PERIOD 1871 TO 2015


WEATHER ITEM   OBSERVED TIME   RECORD YEAR NORMAL DEPARTURE LAST
                VALUE   (LST)  VALUE       VALUE  FROM      YEAR
                                                  NORMAL
..................................................................
TEMPERATURE (F)
 YESTERDAY
  MAXIMUM         44    610 PM  80    1910  59    -15       43
  MINIMUM         33    358 AM  16    1984  34     -1       34
  AVERAGE         39                        46     -7       39

PRECIPITATION (IN)
  YESTERDAY        0.27          0.77 1941   0.07   0.20     0.16
  MONTH TO DATE    2.91                      1.57   1.34     0.82
  SINCE JAN 1      3.78                      3.42   0.36     3.88

SNOWFALL (IN)
  YESTERDAY        0.6           5.5  1922   0.2    0.4      0.2
  MONTH TO DATE   15.4                       9.5    5.9      6.3
  SINCE JUL 1     50.1                      57.3   -7.2     77.8
  SNOW DEPTH       2

DEGREE DAYS
 HEATING
  YESTERDAY       26                        19      7       26
  MONTH TO DATE  593                       611    -18      549
  SINCE MAR 1   1301                      1512   -211     1422
  SINCE JUL 1   5947                      6531   -584     6626

 COOLING
  YESTERDAY        0                         0      0        0
  MONTH TO DATE    0                         0      0        0
  SINCE MAR 1      0                         0      0        0
  SINCE JAN 1      0                         0      0        0
..................................................................


WIND (MPH)
  HIGHEST WIND SPEED    12   HIGHEST WIND DIRECTION     E (80)
  HIGHEST GUST SPEED    14   HIGHEST GUST DIRECTION     E (90)
  AVERAGE WIND SPEED     4.0


SKY COVER
  AVERAGE SKY COVER 1.0


WEATHER CONDITIONS
 THE FOLLOWING WEATHER WAS RECORDED YESTERDAY.
  LIGHT SNOW
  FOG


RELATIVE HUMIDITY (PERCENT)
 HIGHEST    96           100 AM
 LOWEST     70           500 PM
 AVERAGE    83

..........................................................


THE CHEYENNE WYOMING AIRPORT CLIMATE NORMALS FOR TODAY
                         NORMAL    RECORD    YEAR
 MAXIMUM TEMPERATURE (F)   59        82      1910
 MINIMUM TEMPERATURE (F)   34        13      1984


SUNRISE AND SUNSET
APRIL 28 2015.........SUNRISE   601 AM MDT   SUNSET   753 PM MDT
APRIL 29 2015.........SUNRISE   600 AM MDT   SUNSET   754 PM MDT


-  INDICATES NEGATIVE NUMBERS.
R  INDICATES RECORD WAS SET OR TIED.
MM INDICATES DATA IS MISSING.
T  INDICATES TRACE AMOUNT.




$$
