000
CDUS43 KUNR 260832
CLID07


CLIMATE REPORT
NATIONAL WEATHER SERVICE RAPID CITY SD
231 AM MDT SUN APR 26 2015


...................................

...THE FAITH SD CLIMATE SUMMARY FOR APRIL 25 2015...

CLIMATE NORMAL PERIOD 1981 TO 2010
CLIMATE RECORD PERIOD 9999 TO 9999


WEATHER ITEM   OBSERVED TIME   NORMAL DEPARTURE LAST
                VALUE   (LST)  VALUE  FROM      YEAR
                                      NORMAL
......................................................
TEMPERATURE (F)
 YESTERDAY
  MAXIMUM         51    459 PM  61    -10       71
  MINIMUM         41   1231 AM  37      4       40
  AVERAGE         46            49     -3       56

PRECIPITATION (IN)
  YESTERDAY        0.05          0.08  -0.03     0.00
  MONTH TO DATE    0.47          1.20  -0.73     0.17
  SINCE MAR 1      0.62          2.18  -1.56     1.36
  SINCE JAN 1      1.05          2.80  -1.75     2.26

DEGREE DAYS
 HEATING
  YESTERDAY       19            16      3        9
  MONTH TO DATE  480           533    -53      524
  SINCE MAR 1   1204          1536   -332     1642
  SINCE JUL 1   6703          7224   -521     7728

 COOLING
  YESTERDAY        0             0      0        0
  MONTH TO DATE    0             0      0        0
  SINCE MAR 1      2             0      2        0
  SINCE JAN 1      2             0      2        0
......................................................


WIND (MPH)
  HIGHEST WIND SPEED    17   HIGHEST WIND DIRECTION    SE (130)
  HIGHEST GUST SPEED    21   HIGHEST GUST DIRECTION    SE (120)
  AVERAGE WIND SPEED     9.4




RELATIVE HUMIDITY (PERCENT)
 HIGHEST   100           300 AM
 LOWEST     74           200 PM
 AVERAGE    87

..........................................................




SUNRISE AND SUNSET
APRIL 26 2015.........SUNRISE   545 AM MDT   SUNSET   747 PM MDT
APRIL 27 2015.........SUNRISE   544 AM MDT   SUNSET   748 PM MDT


-  INDICATES NEGATIVE NUMBERS.
R  INDICATES RECORD WAS SET OR TIED.
MM INDICATES DATA IS MISSING.
T  INDICATES TRACE AMOUNT.




$$
