000
CDUS43 KDVN 250914
CLIDBQ


CLIMATE REPORT
NATIONAL WEATHER SERVICE QUAD CITIES IA IL
414 AM CDT SAT APR 25 2015


...................................

...THE DUBUQUE IA CLIMATE SUMMARY FOR APRIL 24 2015...

CLIMATE NORMAL PERIOD 1981 TO 2010
CLIMATE RECORD PERIOD 1873 TO 2015


WEATHER ITEM   OBSERVED TIME   RECORD YEAR NORMAL DEPARTURE LAST
                VALUE   (LST)  VALUE       VALUE  FROM      YEAR
                                                  NORMAL
..................................................................
TEMPERATURE (F)
 YESTERDAY
  MAXIMUM         49   1035 AM  85    1939  62    -13       56
  MINIMUM         30    155 AM  22    1956  41    -11       42
  AVERAGE         40                        52    -12       49

PRECIPITATION (IN)
  YESTERDAY        0.28          1.89 1965   0.13   0.15     0.50
  MONTH TO DATE    1.90                      2.85  -0.95     4.28
  SINCE MAR 1      2.70                      5.26  -2.56     5.42
  SINCE JAN 1      4.99                      7.87  -2.88     7.90

SNOWFALL (IN)
  YESTERDAY       MM            MM      MM   0.0   MM        0.0
  MONTH TO DATE    0.0                       1.8   -1.8      0.7
  SINCE MAR 1      4.1                       8.1   -4.0     11.6
  SINCE JUL 1     33.7                      41.7   -8.0     63.3
  SNOW DEPTH      MM

DEGREE DAYS
 HEATING
  YESTERDAY       25                        14     11       16
  MONTH TO DATE  355                       435    -80      462
  SINCE MAR 1   1267                      1353    -86     1621
  SINCE JUL 1   7115                      6746    369     7997

 COOLING
  YESTERDAY        0                         0      0        0
  MONTH TO DATE    0                         0      0        0
  SINCE MAR 1      0                         0      0        0
  SINCE JAN 1      0                         0      0        0
..................................................................


WIND (MPH)
  HIGHEST WIND SPEED    20   HIGHEST WIND DIRECTION     E (80)
  HIGHEST GUST SPEED    25   HIGHEST GUST DIRECTION     E (70)
  AVERAGE WIND SPEED    10.7


SKY COVER
  POSSIBLE SUNSHINE  MM
  AVERAGE SKY COVER 0.8


WEATHER CONDITIONS
 THE FOLLOWING WEATHER WAS RECORDED YESTERDAY.
  HEAVY RAIN
  LIGHT RAIN
  FOG
  HAZE


RELATIVE HUMIDITY (PERCENT)
 HIGHEST   100           600 PM
 LOWEST     37           800 AM
 AVERAGE    69

..........................................................


THE DUBUQUE IA CLIMATE NORMALS FOR TODAY
                         NORMAL    RECORD    YEAR
 MAXIMUM TEMPERATURE (F)   62        86      1986
 MINIMUM TEMPERATURE (F)   41        28      1887


SUNRISE AND SUNSET
APRIL 25 2015.........SUNRISE   607 AM CDT   SUNSET   756 PM CDT
APRIL 26 2015.........SUNRISE   605 AM CDT   SUNSET   757 PM CDT


-  INDICATES NEGATIVE NUMBERS.
R  INDICATES RECORD WAS SET OR TIED.
MM INDICATES DATA IS MISSING.
T  INDICATES TRACE AMOUNT.




$$
