000
CDUS45 KBOU 272329
CLIDEN


CLIMATE REPORT
NATIONAL WEATHER SERVICE DENVER CO
529 PM MDT MON APR 27 2015


...................................

...THE DENVER CO CLIMATE SUMMARY FOR APRIL 27 2015...
VALID TODAY AS OF 0500 PM LOCAL TIME.

CLIMATE NORMAL PERIOD 1981 TO 2010
CLIMATE RECORD PERIOD 1872 TO 2015


WEATHER ITEM   OBSERVED TIME   RECORD YEAR NORMAL DEPARTURE LAST
                VALUE   (LST)  VALUE       VALUE  FROM      YEAR
                                                  NORMAL
..................................................................
TEMPERATURE (F)
 TODAY
  MAXIMUM         46    347 PM  84    1992  65    -19       53
  MINIMUM         37    648 AM  23    1994  36      1       37
  AVERAGE         42                        50     -8       45

PRECIPITATION (IN)
  TODAY            0.11          1.60 1919   0.07   0.04     0.29
  MONTH TO DATE    2.64                      1.50   1.14     1.24
  SINCE MAR 1      3.43                      2.42   1.01     2.07
  SINCE JAN 1      5.06                      3.20   1.86     3.20

DEGREE DAYS
 HEATING
  TODAY           23                        15      8       20
  MONTH TO DATE  457                       487    -30      404
  SINCE MAR 1   1068                      1250   -182     1143
  SINCE JUL 1   5181                      5689   -508     5662

 COOLING
  TODAY            0                         0      0        0
  MONTH TO DATE    0                         0      0        0
  SINCE MAR 1      0                         0      0        0
  SINCE JAN 1      0                         0      0        0
..................................................................


WIND (MPH)
  HIGHEST WIND SPEED    10   HIGHEST WIND DIRECTION     N (350)
  HIGHEST GUST SPEED    12   HIGHEST GUST DIRECTION     N (360)
  AVERAGE WIND SPEED     6.9


SKY COVER **
  POSSIBLE SUNSHINE  MM
  AVERAGE SKY COVER 0.9


WEATHER CONDITIONS
 THE FOLLOWING WEATHER WAS RECORDED TODAY.
  RAIN
  LIGHT RAIN
  FOG


RELATIVE HUMIDITY (PERCENT)
 HIGHEST   100           200 AM
 LOWEST     83           400 PM
 AVERAGE    92

..........................................................


THE DENVER CO CLIMATE NORMALS FOR TOMORROW
                         NORMAL    RECORD    YEAR
 MAXIMUM TEMPERATURE (F)   65        86      1910
 MINIMUM TEMPERATURE (F)   37        24      1917


SUNRISE AND SUNSET
APRIL 27 2015.........SUNRISE   604 AM MST   SUNSET   748 PM MST
APRIL 28 2015.........SUNRISE   603 AM MST   SUNSET   749 PM MST


-  INDICATES NEGATIVE NUMBERS.
R  INDICATES RECORD WAS SET OR TIED.
MM INDICATES DATA IS MISSING.
T  INDICATES TRACE AMOUNT.




$$
