000
CDUS44 KSHV 190812
CLIDEQ


CLIMATE REPORT
NATIONAL WEATHER SERVICE SHREVEPORT, LA
307 AM CDT SUN APR 19 2015


...................................

...THE DE QUEEN CLIMATE SUMMARY FOR APRIL 18 2015...

CLIMATE NORMAL PERIOD 1981 TO 2010
CLIMATE RECORD PERIOD 1902 TO 2015


WEATHER ITEM   OBSERVED TIME   RECORD YEAR NORMAL DEPARTURE LAST
                VALUE   (LST)  VALUE       VALUE  FROM      YEAR
                                                  NORMAL
..................................................................
TEMPERATURE (F)
 YESTERDAY
  MAXIMUM         75    325 PM  93    2006  75      0       77
  MINIMUM         61    920 PM  34    1999  49     12       43
  AVERAGE         68                        62      6       60

PRECIPITATION (IN)
  YESTERDAY        0.16          2.10 1977   0.13   0.03     0.00
  MONTH TO DATE    1.05                      2.07  -1.02     3.08
  SINCE DEC 1     16.34                     18.07  -1.73    10.10
  SINCE JAN 1     14.62                     13.71   0.91     8.17

SNOWFALL (IN)
  YESTERDAY        0.0
  MONTH TO DATE    0.0
  SINCE MAR 1      2.6
  SINCE JUL 1      7.9
  SNOW DEPTH       0

DEGREE DAYS
 HEATING
  YESTERDAY        0                         4     -4        5
  MONTH TO DATE   47                       117    -70      152
  SINCE MAR 1    394                       494   -100      613
  SINCE JUL 1   3046                      2985     61     3385

 COOLING
  YESTERDAY        3                         1      2        0
  MONTH TO DATE   39                        18     21       17
  SINCE MAR 1     41                        27     14       18
  SINCE JAN 1     41                        29     12       18
..................................................................


WIND (MPH)
  HIGHEST WIND SPEED    13   HIGHEST WIND DIRECTION     E (90)
  HIGHEST GUST SPEED    16   HIGHEST GUST DIRECTION    SE (130)
  AVERAGE WIND SPEED     4.6


SKY COVER
  POSSIBLE SUNSHINE  MM
  AVERAGE SKY COVER 0.7


WEATHER CONDITIONS
 THE FOLLOWING WEATHER WAS RECORDED YESTERDAY.
  THUNDERSTORM
  RAIN
  LIGHT RAIN
  FOG


RELATIVE HUMIDITY (PERCENT)
 HIGHEST   100          1000 PM
 LOWEST     68           500 PM
 AVERAGE    84

..........................................................


THE DE QUEEN CLIMATE NORMALS FOR TODAY
                         NORMAL    RECORD    YEAR
 MAXIMUM TEMPERATURE (F)   75        94      1987
 MINIMUM TEMPERATURE (F)   49        30      1953


SUNRISE AND SUNSET
APRIL 19 2015.........SUNRISE   642 AM CDT   SUNSET   752 PM CDT
APRIL 20 2015.........SUNRISE   641 AM CDT   SUNSET   753 PM CDT


-  INDICATES NEGATIVE NUMBERS.
R  INDICATES RECORD WAS SET OR TIED.
MM INDICATES DATA IS MISSING.
T  INDICATES TRACE AMOUNT.




$$
