000
CDUS45 KCYS 052127
CLIDGW


CLIMATE REPORT
NATIONAL WEATHER SERVICE CHEYENNE WY
327 PM MDT TUE MAY 5 2015


...................................

...THE DOUGLAS WY AIRPORT CLIMATE SUMMARY FOR MAY 5 2015...
VALID AS OF 0300 PM LOCAL TIME.

CLIMATE NORMAL PERIOD 1981 TO 2010
CLIMATE RECORD PERIOD 1998 TO 2015


WEATHER ITEM   OBSERVED TIME   RECORD YEAR NORMAL DEPARTURE LAST
                VALUE   (LST)  VALUE       VALUE  FROM      YEAR
                                                  NORMAL
..................................................................
TEMPERATURE (F)
 TODAY
  MAXIMUM         66    153 PM  89    2000  64      2       77
  MINIMUM         44    247 AM  22    2011  35      9       37
                                      2010
  AVERAGE         55                        49      6       57

PRECIPITATION (IN)
  TODAY            0.00          1.90 2007   0.08  -0.08     0.00
  MONTH TO DATE    0.22                      0.41  -0.19     0.00
  SINCE JAN 1      4.85                      3.56   1.29     3.55

DEGREE DAYS
 HEATING
  TODAY           10                        16     -6        8
  MONTH TO DATE   50                        82    -32       46
  SINCE MAR 1   1412                      1639   -227     1575
  SINCE JUL 1   6415                      7039   -624     7165

 COOLING
  TODAY            0                         0      0        0
  MONTH TO DATE    0                         0      0        0
  SINCE MAR 1      1                         0      1        0
  SINCE JAN 1      1                         0      1        0
..................................................................


WIND (MPH)
  HIGHEST WIND SPEED    30   HIGHEST WIND DIRECTION    SE (140)
  HIGHEST GUST SPEED    36   HIGHEST GUST DIRECTION    SE (130)
  AVERAGE WIND SPEED    17.0


SKY COVER
  AVERAGE SKY COVER 0.7


WEATHER CONDITIONS
 THE FOLLOWING WEATHER WAS RECORDED TODAY.
  FOG


RELATIVE HUMIDITY (PERCENT)
 HIGHEST    93           600 AM
 LOWEST     52           200 PM
 AVERAGE    73

..........................................................


THE DOUGLAS WY AIRPORT CLIMATE NORMALS FOR TOMORROW
                         NORMAL    RECORD    YEAR
 MAXIMUM TEMPERATURE (F)   64        83      2004
 MINIMUM TEMPERATURE (F)   35        24      2012


SUNRISE AND SUNSET
MAY  5 2015...........SUNRISE   551 AM MDT   SUNSET   806 PM MDT
MAY  6 2015...........SUNRISE   549 AM MDT   SUNSET   807 PM MDT


-  INDICATES NEGATIVE NUMBERS.
R  INDICATES RECORD WAS SET OR TIED.
MM INDICATES DATA IS MISSING.
T  INDICATES TRACE AMOUNT.




$$
