000
CDUS44 KAMA 040643
CLIDHT


CLIMATE REPORT
NATIONAL WEATHER SERVICE AMARILLO TX
142 AM CDT MON MAY 4 2015


...................................

...THE DALHART CLIMATE SUMMARY FOR MAY 3 2015...

CLIMATE NORMAL PERIOD 1981 TO 2010
CLIMATE RECORD PERIOD 1894 TO 2015


WEATHER ITEM   OBSERVED TIME   RECORD YEAR NORMAL DEPARTURE LAST
                VALUE   (LST)  VALUE       VALUE  FROM      YEAR
                                                  NORMAL
..................................................................
TEMPERATURE (F)
 YESTERDAY
  MAXIMUM         86    218 PM  93    1996  75     11       90
  MINIMUM         51    639 AM  25    2013  44      7       42
  AVERAGE         69                        59     10       66

PRECIPITATION (IN)
  YESTERDAY        T             1.69 1987   0.05  -0.05     0.00
  MONTH TO DATE    T                         0.16  -0.16     0.01
  SINCE MAR 1      1.38                      2.41  -1.03     0.21
  SINCE JAN 1      4.69                      3.33   1.36     0.30

SNOWFALL (IN)
  YESTERDAY        0.0           5.0  1978   0.0    0.0      0.0
  MONTH TO DATE    0.0                       0.0    0.0      0.0
  SINCE MAR 1      0.8                       5.4   -4.6      2.1
  SINCE JUL 1     34.1                      18.9   15.2     17.4
  SNOW DEPTH       0

DEGREE DAYS
 HEATING
  YESTERDAY        0                         7     -7        0
  MONTH TO DATE    0                        21    -21       27
  SINCE MAR 1    734                       980   -246      934
  SINCE JUL 1   4027                      4623   -596     4528

 COOLING
  YESTERDAY        4                         1      3        1
  MONTH TO DATE    9                         3      6        1
  SINCE MAR 1     10                         9      1       17
  SINCE JAN 1     10                         9      1       17
..................................................................


WIND (MPH)
  RESULTANT WIND SPEED   7   RESULTANT WIND DIRECTION  SW (220)
  HIGHEST WIND SPEED    31   HIGHEST WIND DIRECTION     S (200)
  HIGHEST GUST SPEED    38   HIGHEST GUST DIRECTION     S (180)
  AVERAGE WIND SPEED    10.3


SKY COVER
  AVERAGE SKY COVER 0.2


WEATHER CONDITIONS
 THE FOLLOWING WEATHER WAS RECORDED YESTERDAY.
  THUNDERSTORM
  LIGHT RAIN


RELATIVE HUMIDITY (PERCENT)
 HIGHEST    71           400 AM
 LOWEST     20           100 PM
 AVERAGE    46

..........................................................


THE DALHART CLIMATE NORMALS FOR TODAY
                         NORMAL    RECORD    YEAR
 MAXIMUM TEMPERATURE (F)   75        96      2014
                                             2012
 MINIMUM TEMPERATURE (F)   44        27      1979


SUNRISE AND SUNSET
MAY  4 2015...........SUNRISE   655 AM CDT   SUNSET   840 PM CDT
MAY  5 2015...........SUNRISE   654 AM CDT   SUNSET   841 PM CDT


-  INDICATES NEGATIVE NUMBERS.
R  INDICATES RECORD WAS SET OR TIED.
MM INDICATES DATA IS MISSING.
T  INDICATES TRACE AMOUNT.




$$
