000
CDUS43 KBIS 060041
CLIDIK


CLIMATE REPORT
NATIONAL WEATHER SERVICE BISMARCK ND
741 PM CDT TUE MAY 5 2015


...................................

...THE DICKINSON ND CLIMATE SUMMARY FOR MAY 5 2015...
VALID TODAY AS OF 0700 PM LOCAL TIME.

CLIMATE NORMAL PERIOD 1981 TO 2010
CLIMATE RECORD PERIOD 1893 TO 2015


WEATHER ITEM   OBSERVED TIME   RECORD YEAR NORMAL DEPARTURE LAST
                VALUE   (LST)  VALUE       VALUE  FROM      YEAR
                                                  NORMAL
..................................................................
TEMPERATURE (F)
 TODAY
  MAXIMUM         74        MM  94    1926  63     11       67
  MINIMUM         39        MM  14    1944  36      3       33
  AVERAGE         57                        50      7       50

PRECIPITATION (IN)
  TODAY            0.00          0.91 1965   0.07  -0.07     0.04
  MONTH TO DATE    0.00                      0.34  -0.34     0.04
  SINCE MAR 1      1.50                      2.50  -1.00     1.73
  SINCE JAN 1      1.77                      3.13  -1.36     1.90

DEGREE DAYS
 HEATING
  TODAY            8                        16     -8       15
  MONTH TO DATE   53                        82    -29       96
  SINCE MAR 1   1520                      1850   -330     2067
  SINCE JUL 1   7635                      8144   -509     8709

 COOLING
  TODAY            0                         0      0        0
  MONTH TO DATE    0                         0      0        0
  SINCE MAR 1      0                         1     -1        0
  SINCE JAN 1      0                         1     -1        0
..................................................................


WIND (MPH)
  RESULTANT WIND SPEED  20   RESULTANT WIND DIRECTION   S (160)
  HIGHEST WIND SPEED    31   HIGHEST WIND DIRECTION     S (160)
  HIGHEST GUST SPEED    43   HIGHEST GUST DIRECTION    SE (150)
  AVERAGE WIND SPEED    19.7


SKY COVER
  POSSIBLE SUNSHINE  MM
  AVERAGE SKY COVER 0.0


WEATHER CONDITIONS
 THE FOLLOWING WEATHER WAS RECORDED TODAY.
  NO SIGNIFICANT WEATHER WAS OBSERVED.


RELATIVE HUMIDITY (PERCENT)
 HIGHEST    MM          1200 AM
 LOWEST     MM          1200 AM
 AVERAGE    MM

..........................................................


THE DICKINSON ND CLIMATE NORMALS FOR TOMORROW
                         NORMAL    RECORD    YEAR
 MAXIMUM TEMPERATURE (F)   63        89      1992
 MINIMUM TEMPERATURE (F)   37        14      1929


SUNRISE AND SUNSET
MAY  5 2015...........SUNRISE   530 AM MDT   SUNSET   806 PM MDT
MAY  6 2015...........SUNRISE   529 AM MDT   SUNSET   808 PM MDT


-  INDICATES NEGATIVE NUMBERS.
R  INDICATES RECORD WAS SET OR TIED.
MM INDICATES DATA IS MISSING.
T  INDICATES TRACE AMOUNT.




$$
