000
CDUS41 KLWX 030521
CLIDMH


CLIMATE REPORT
NATIONAL WEATHER SERVICE BALTIMORE MD/WASHINGTON DC
121 AM EDT SUN MAY 3 2015


...................................

...THE BALTIMORE INNER HARBOR MD CLIMATE SUMMARY FOR MAY 2 2015...

CLIMATE NORMAL PERIOD 1981 TO 2010
CLIMATE RECORD PERIOD 9999 TO 9999


WEATHER ITEM   OBSERVED TIME   RECORD YEAR NORMAL DEPARTURE LAST
                VALUE   (LST)  VALUE       VALUE  FROM      YEAR
                                                  NORMAL
..................................................................
TEMPERATURE (F)
 YESTERDAY
  MAXIMUM         74    540 PM  MM      MM  71      3       71
  MINIMUM         49    514 AM  MM      MM  52     -3       55
  AVERAGE         62                        62      0       63

PRECIPITATION (IN)
  YESTERDAY        0.00         MM      MM   0.11  -0.11     0.00
  MONTH TO DATE    0.00                      0.21  -0.21     0.22
  SINCE MAR 1      7.39                      7.29   0.10    13.72
  SINCE JAN 1     13.21                     12.81   0.40    20.05

DEGREE DAYS
 HEATING
  YESTERDAY        3                         5     -2        2
  MONTH TO DATE   12                        10      2        2
  SINCE MAR 1    846                       867    -21     1021
  SINCE JUL 1   4360                      3955    405     4091

 COOLING
  YESTERDAY        0                         2     -2        0
  MONTH TO DATE    0                         3     -3        4
  SINCE MAR 1      9                        28    -19       18
  SINCE JAN 1      9                        28    -19       18
..................................................................


WIND (MPH)
  HIGHEST WIND SPEED    MM   HIGHEST WIND DIRECTION    MM
  HIGHEST GUST SPEED    MM   HIGHEST GUST DIRECTION    MM
  AVERAGE WIND SPEED    MM


SKY COVER
  POSSIBLE SUNSHINE  MM



RELATIVE HUMIDITY (PERCENT)
 HIGHEST    86           500 AM
 LOWEST     27           600 PM
 AVERAGE    57

..........................................................


THE BALTIMORE INNER HARBOR MD CLIMATE NORMALS FOR TODAY
                         NORMAL
 MAXIMUM TEMPERATURE (F)   71
 MINIMUM TEMPERATURE (F)   53


SUNRISE AND SUNSET
MAY  3 2015...........SUNRISE   606 AM EDT   SUNSET   801 PM EDT
MAY  4 2015...........SUNRISE   605 AM EDT   SUNSET   802 PM EDT


-  INDICATES NEGATIVE NUMBERS.
R  INDICATES RECORD WAS SET OR TIED.
MM INDICATES DATA IS MISSING.
T  INDICATES TRACE AMOUNT.




$$
