000
CDUS43 KEAX 252123
CLIDMO


CLIMATE REPORT
NATIONAL WEATHER SERVICE KANSAS CITY/PLEASANT HILL MO
423 PM CDT SAT APR 25 2015


...................................

...THE SEDALIA MO CLIMATE SUMMARY FOR APRIL 25 2015...
VALID AS OF 0400 PM LOCAL TIME.

CLIMATE NORMAL PERIOD 1981 TO 2010
CLIMATE RECORD PERIOD 9999 TO 9999


WEATHER ITEM   OBSERVED TIME   NORMAL DEPARTURE LAST
                VALUE   (LST)  VALUE  FROM      YEAR
                                      NORMAL
......................................................
TEMPERATURE (F)
 TODAY
  MAXIMUM         72   1131 AM  70      2       77
  MINIMUM         56    131 AM  49      7       47
  AVERAGE         64            60      4       62

PRECIPITATION (IN)
  TODAY            0.09          0.18  -0.09     0.00
  MONTH TO DATE    3.77          3.29   0.48     6.06
  SINCE MAR 1      4.90          5.90  -1.00     6.99
  SINCE JAN 1      6.98          9.50  -2.52     7.93

DEGREE DAYS
 HEATING
  TODAY            1             7     -6        3
  MONTH TO DATE  154           251    -97      252
  SINCE MAR 1    694           836   -142      946
  SINCE JUL 1   4542          4453     89     5165

 COOLING
  TODAY            0             1     -1        0
  MONTH TO DATE   16            24     -8       10
  SINCE MAR 1     17            27    -10       10
  SINCE JAN 1     17            27    -10       10
......................................................


WIND (MPH)
  HIGHEST WIND SPEED    20   HIGHEST WIND DIRECTION    NW (300)
  HIGHEST GUST SPEED    27   HIGHEST GUST DIRECTION     W (280)
  AVERAGE WIND SPEED    12.3


SKY COVER
  AVERAGE SKY COVER 0.9


WEATHER CONDITIONS
 THE FOLLOWING WEATHER WAS RECORDED TODAY.
  HEAVY RAIN
  RAIN
  LIGHT RAIN
  FOG
  HAZE


RELATIVE HUMIDITY (PERCENT)
 HIGHEST    90           600 AM
 LOWEST     55          1200 PM
 AVERAGE    73

..........................................................


THE SEDALIA MO CLIMATE NORMALS FOR TOMORROW
                         NORMAL
 MAXIMUM TEMPERATURE (F)   70
 MINIMUM TEMPERATURE (F)   50


SUNRISE AND SUNSET
APRIL 25 2015.........SUNRISE   623 AM CDT   SUNSET   759 PM CDT
APRIL 26 2015.........SUNRISE   621 AM CDT   SUNSET   800 PM CDT


-  INDICATES NEGATIVE NUMBERS.
R  INDICATES RECORD WAS SET OR TIED.
MM INDICATES DATA IS MISSING.
T  INDICATES TRACE AMOUNT.




$$
