000
CDUS45 KLKN 050935
CLIELY


CLIMATE REPORT
NATIONAL WEATHER SERVICE ELKO NV
235 AM PDT TUE MAY 5 2015


...................................

...THE ELY AIRPORT NV CLIMATE SUMMARY FOR MAY 4 2015...

CLIMATE NORMAL PERIOD 1981 TO 2010
CLIMATE RECORD PERIOD 1893 TO 2015


WEATHER ITEM   OBSERVED TIME   RECORD YEAR NORMAL DEPARTURE LAST
                VALUE   (LST)  VALUE       VALUE  FROM      YEAR
                                                  NORMAL
..................................................................
TEMPERATURE (F)
 YESTERDAY
  MAXIMUM         64   1223 PM  82    2004  64      0       76
                                      2000
                                      1947
  MINIMUM         42   1024 PM   7    1950  31     11       42
  AVERAGE         53                        47      6       59

PRECIPITATION (IN)
  YESTERDAY        T             0.83 1975   0.03  -0.03     0.00
  MONTH TO DATE    T                         0.14  -0.14     0.00
  SINCE OCT 1      2.72                      5.76  -3.04     5.89
  SINCE JAN 1      1.55                      3.47  -1.92     3.21

SNOWFALL (IN)
  YESTERDAY        0.0           7.6  1975   0.1   -0.1      0.0
  MONTH TO DATE    0.0                       0.5   -0.5      0.0
  SINCE MAR 1      8.7                      14.0   -5.3     11.0
  SINCE JUL 1     19.7                      48.9  -29.2     50.1
  SNOW DEPTH       0

DEGREE DAYS
 HEATING
  YESTERDAY       12                        18     -6        6
  MONTH TO DATE   36                        72    -36       40
  SINCE MAR 1   1391                      1638   -247     1503
  SINCE JUL 1   5635                      6975  -1340     6522

 COOLING
  YESTERDAY        0                         0      0        0
  MONTH TO DATE    0                         0      0        0
  SINCE MAR 1      0                         0      0        0
  SINCE JAN 1      0                         0      0        0
..................................................................


WIND (MPH)
  HIGHEST WIND SPEED    29   HIGHEST WIND DIRECTION     W (290)
  HIGHEST GUST SPEED    35   HIGHEST GUST DIRECTION    NW (300)
  AVERAGE WIND SPEED     9.4



WEATHER CONDITIONS
 THE FOLLOWING WEATHER WAS RECORDED YESTERDAY.
  THUNDERSTORM
  LIGHT RAIN


RELATIVE HUMIDITY (PERCENT)
 HIGHEST    71           200 PM
 LOWEST     28           900 AM
 AVERAGE    50

..........................................................


THE ELY AIRPORT NV CLIMATE NORMALS FOR TODAY
                         NORMAL    RECORD    YEAR
 MAXIMUM TEMPERATURE (F)   64        80      1992
 MINIMUM TEMPERATURE (F)   31        14      1965


SUNRISE AND SUNSET
MAY  5 2015...........SUNRISE   536 AM PDT   SUNSET   736 PM PDT
MAY  6 2015...........SUNRISE   535 AM PDT   SUNSET   737 PM PDT


-  INDICATES NEGATIVE NUMBERS.
R  INDICATES RECORD WAS SET OR TIED.
MM INDICATES DATA IS MISSING.
T  INDICATES TRACE AMOUNT.




$$
